Last updated on 2025-02-17 07:50:41 CET.
Flavor | Version | Tinstall | Tcheck | Ttotal | Status | Flags |
---|---|---|---|---|---|---|
r-devel-linux-x86_64-debian-clang | 0.0.4 | 7.36 | 82.09 | 89.45 | NOTE | |
r-devel-linux-x86_64-debian-gcc | 0.0.4 | 6.13 | 60.29 | 66.42 | NOTE | |
r-devel-linux-x86_64-fedora-clang | 0.0.4 | 144.89 | NOTE | |||
r-devel-linux-x86_64-fedora-gcc | 0.0.4 | 148.72 | NOTE | |||
r-devel-macos-arm64 | 0.0.4 | 54.00 | OK | |||
r-devel-macos-x86_64 | 0.0.4 | 135.00 | NOTE | |||
r-devel-windows-x86_64 | 0.0.4 | 8.00 | 92.00 | 100.00 | NOTE | |
r-patched-linux-x86_64 | 0.0.4 | 7.73 | 77.45 | 85.18 | OK | |
r-release-linux-x86_64 | 0.0.4 | 7.42 | 76.77 | 84.19 | OK | |
r-release-macos-arm64 | 0.0.4 | 48.00 | OK | |||
r-release-macos-x86_64 | 0.0.4 | 75.00 | OK | |||
r-release-windows-x86_64 | 0.0.4 | 9.00 | 95.00 | 104.00 | OK | |
r-oldrel-macos-arm64 | 0.0.4 | 46.00 | OK | |||
r-oldrel-macos-x86_64 | 0.0.4 | 141.00 | OK | |||
r-oldrel-windows-x86_64 | 0.0.4 | 11.00 | 133.00 | 144.00 | OK |
Version: 0.0.4
Check: DESCRIPTION meta-information
Result: NOTE
Missing dependency on R >= 4.1.0 because package code uses the pipe
|> or function shorthand \(...) syntax added in R 4.1.0.
File(s) using such syntax:
‘DFA.R’ ‘mvDFA.R’ ‘simulate_Lorenz_noise.R’
Flavors: r-devel-linux-x86_64-debian-clang, r-devel-linux-x86_64-debian-gcc, r-devel-linux-x86_64-fedora-clang, r-devel-linux-x86_64-fedora-gcc, r-devel-macos-x86_64, r-devel-windows-x86_64