Last updated on 2025-10-31 07:51:51 CET.
| Flavor | Version | Tinstall | Tcheck | Ttotal | Status | Flags | 
|---|---|---|---|---|---|---|
| r-devel-linux-x86_64-debian-clang | 0.1-10 | 2.66 | 37.44 | 40.10 | NOTE | |
| r-devel-linux-x86_64-debian-gcc | 0.1-10 | 2.02 | 27.66 | 29.68 | NOTE | |
| r-devel-linux-x86_64-fedora-clang | 0.1-10 | 58.92 | OK | |||
| r-devel-linux-x86_64-fedora-gcc | 0.1-10 | 15.00 | 43.84 | 58.84 | OK | |
| r-devel-windows-x86_64 | 0.1-10 | 4.00 | 63.00 | 67.00 | OK | |
| r-patched-linux-x86_64 | 0.1-10 | 2.85 | 35.82 | 38.67 | OK | |
| r-release-linux-x86_64 | 0.1-10 | 2.22 | 34.93 | 37.15 | OK | |
| r-release-macos-arm64 | 0.1-10 | 2.00 | 23.00 | 25.00 | OK | |
| r-release-macos-x86_64 | 0.1-10 | 2.00 | 35.00 | 37.00 | OK | |
| r-release-windows-x86_64 | 0.1-10 | 6.00 | 63.00 | 69.00 | OK | |
| r-oldrel-macos-arm64 | 0.1-10 | 1.00 | 27.00 | 28.00 | OK | |
| r-oldrel-macos-x86_64 | 0.1-10 | 2.00 | 28.00 | 30.00 | OK | |
| r-oldrel-windows-x86_64 | 0.1-10 | 6.00 | 73.00 | 79.00 | OK | 
Version: 0.1-10
Check: CRAN incoming feasibility
Result: NOTE
  Maintainer: ‘Luciano Selzer <luciano.selzer@gmail.com>’
  
  No Authors@R field in DESCRIPTION.
  Please add one, modifying
    Authors@R: c(person(given = "Spencer",
                        family = "Graves",
                        role = "aut"),
                 person(given = "Hans-Peter",
                        family = "Piepho",
                        role = "aut"),
                 person(given = c("Luciano", "Selzer", "with", "help", "from", "Sundar"),
                        family = "Dorai-Raj",
                        role = "aut"),
                 person(given = "Luciano",
                        family = "Selzer",
                        role = "cre",
                        email = "luciano.selzer@gmail.com"))
  as necessary.
Flavors: r-devel-linux-x86_64-debian-clang, r-devel-linux-x86_64-debian-gcc