Last updated on 2025-02-19 07:53:51 CET.
Flavor | Version | Tinstall | Tcheck | Ttotal | Status | Flags |
---|---|---|---|---|---|---|
r-devel-linux-x86_64-debian-clang | 1.0 | 8.63 | 68.64 | 77.27 | NOTE | |
r-devel-linux-x86_64-debian-gcc | 1.0 | 6.74 | 49.20 | 55.94 | NOTE | |
r-devel-linux-x86_64-fedora-clang | 1.0 | 123.34 | NOTE | |||
r-devel-linux-x86_64-fedora-gcc | 1.0 | 116.51 | NOTE | |||
r-devel-macos-arm64 | 1.0 | 34.00 | OK | |||
r-devel-macos-x86_64 | 1.0 | 84.00 | OK | |||
r-devel-windows-x86_64 | 1.0 | 12.00 | 78.00 | 90.00 | OK | |
r-patched-linux-x86_64 | 1.0 | 10.39 | 62.00 | 72.39 | NOTE | |
r-release-linux-x86_64 | 1.0 | 10.14 | 61.71 | 71.85 | NOTE | |
r-release-macos-arm64 | 1.0 | 41.00 | OK | |||
r-release-macos-x86_64 | 1.0 | 60.00 | OK | |||
r-release-windows-x86_64 | 1.0 | 14.00 | 76.00 | 90.00 | OK | |
r-oldrel-macos-arm64 | 1.0 | 121.00 | OK | |||
r-oldrel-macos-x86_64 | 1.0 | 59.00 | OK | |||
r-oldrel-windows-x86_64 | 1.0 | 16.00 | 91.00 | 107.00 | OK |
Version: 1.0
Check: for non-standard things in the check directory
Result: NOTE
Found the following files/directories:
‘Acceleration.pdf’ ‘File1.pdf’ ‘Forecast.pdf’ ‘Series.pdf’
‘Velocity.pdf’
Flavors: r-devel-linux-x86_64-debian-clang, r-devel-linux-x86_64-debian-gcc, r-devel-linux-x86_64-fedora-clang, r-devel-linux-x86_64-fedora-gcc, r-patched-linux-x86_64, r-release-linux-x86_64