Last updated on 2025-01-22 07:50:31 CET.
Flavor | Version | Tinstall | Tcheck | Ttotal | Status | Flags |
---|---|---|---|---|---|---|
r-devel-linux-x86_64-debian-clang | 1.0.17 | 78.11 | 96.61 | 174.72 | OK | |
r-devel-linux-x86_64-debian-gcc | 1.0.17 | 54.75 | 70.44 | 125.19 | OK | |
r-devel-linux-x86_64-fedora-clang | 1.0.17 | 321.07 | OK | |||
r-devel-linux-x86_64-fedora-gcc | 1.0.17 | 295.94 | OK | |||
r-devel-windows-x86_64 | 1.0.17 | 76.00 | 136.00 | 212.00 | OK | |
r-patched-linux-x86_64 | 1.0.17 | 73.58 | 93.48 | 167.06 | OK | |
r-release-linux-x86_64 | 1.0.17 | 72.58 | 94.62 | 167.20 | OK | |
r-release-macos-arm64 | 1.0.17 | 79.00 | NOTE | |||
r-release-macos-x86_64 | 1.0.17 | 90.00 | NOTE | |||
r-release-windows-x86_64 | 1.0.17 | 78.00 | 140.00 | 218.00 | OK | |
r-oldrel-macos-arm64 | 1.0.17 | 83.00 | NOTE | |||
r-oldrel-macos-x86_64 | 1.0.17 | 159.00 | NOTE | |||
r-oldrel-windows-x86_64 | 1.0.17 | 93.00 | 167.00 | 260.00 | OK |
Version: 1.0.17
Check: installed package size
Result: NOTE
installed size is 14.1Mb
sub-directories of 1Mb or more:
data 1.6Mb
libs 12.1Mb
Flavors: r-release-macos-arm64, r-release-macos-x86_64, r-oldrel-macos-arm64, r-oldrel-macos-x86_64