Last updated on 2025-02-17 07:50:40 CET.
Flavor | Version | Tinstall | Tcheck | Ttotal | Status | Flags |
---|---|---|---|---|---|---|
r-devel-linux-x86_64-debian-clang | 4.0.2 | 34.02 | 129.27 | 163.29 | OK | |
r-devel-linux-x86_64-debian-gcc | 4.0.2 | 24.17 | 92.80 | 116.97 | OK | |
r-devel-linux-x86_64-fedora-clang | 4.0.2 | 270.09 | OK | |||
r-devel-linux-x86_64-fedora-gcc | 4.0.2 | 248.37 | OK | |||
r-devel-macos-arm64 | 4.0.2 | 76.00 | OK | |||
r-devel-macos-x86_64 | 4.0.2 | 146.00 | OK | |||
r-devel-windows-x86_64 | 4.0.2 | 39.00 | 157.00 | 196.00 | OK | |
r-patched-linux-x86_64 | 4.0.2 | 31.23 | 118.37 | 149.60 | OK | |
r-release-linux-x86_64 | 4.0.2 | 34.58 | 118.62 | 153.20 | OK | |
r-release-macos-arm64 | 4.0.2 | 76.00 | NOTE | |||
r-release-macos-x86_64 | 4.0.2 | 122.00 | NOTE | |||
r-release-windows-x86_64 | 4.0.2 | 41.00 | 151.00 | 192.00 | OK | |
r-oldrel-macos-arm64 | 4.0.2 | 87.00 | OK | |||
r-oldrel-macos-x86_64 | 4.0.2 | 137.00 | OK | |||
r-oldrel-windows-x86_64 | 4.0.2 | 50.00 | 200.00 | 250.00 | OK |
Version: 4.0.2
Check: installed package size
Result: NOTE
installed size is 5.2Mb
sub-directories of 1Mb or more:
extdata 1.7Mb
libs 2.3Mb
Flavors: r-release-macos-arm64, r-release-macos-x86_64