Last updated on 2024-07-26 07:51:56 CEST.
Flavor | Version | Tinstall | Tcheck | Ttotal | Status | Flags |
---|---|---|---|---|---|---|
r-devel-linux-x86_64-debian-clang | 1.0.6 | 8.68 | 80.79 | 89.47 | NOTE | |
r-devel-linux-x86_64-debian-gcc | 1.0.6 | 7.18 | 58.27 | 65.45 | NOTE | |
r-devel-linux-x86_64-fedora-clang | 1.0.6 | 110.36 | NOTE | |||
r-devel-linux-x86_64-fedora-gcc | 1.0.6 | 99.74 | NOTE | |||
r-devel-windows-x86_64 | 1.0.6 | 11.00 | 83.00 | 94.00 | NOTE | |
r-patched-linux-x86_64 | 1.0.6 | NOTE | ||||
r-release-linux-x86_64 | 1.0.6 | 5.22 | 73.10 | 78.32 | NOTE | |
r-release-macos-arm64 | 1.0.6 | 44.00 | NOTE | |||
r-release-macos-x86_64 | 1.0.6 | 55.00 | NOTE | |||
r-release-windows-x86_64 | 1.0.6 | 9.00 | 83.00 | 92.00 | NOTE | |
r-oldrel-macos-arm64 | 1.0.6 | 39.00 | OK | |||
r-oldrel-macos-x86_64 | 1.0.6 | 55.00 | NOTE | |||
r-oldrel-windows-x86_64 | 1.0.6 | 11.00 | 100.00 | 111.00 | OK |
Version: 1.0.6
Check: Rd files
Result: NOTE
checkRd: (-1) glmfence.Rd:21: Lost braces; missing escapes or markup?
21 | is performed where the boundary is cstar*hat(sigma)_{M,tildeM}.}
| ^
checkRd: (-1) lmfence.Rd:21: Lost braces; missing escapes or markup?
21 | is performed where the boundary is cstar*hat(sigma)_{M,tildeM}.}
| ^
Flavors: r-devel-linux-x86_64-debian-clang, r-devel-linux-x86_64-debian-gcc, r-devel-linux-x86_64-fedora-clang, r-devel-linux-x86_64-fedora-gcc, r-devel-windows-x86_64, r-patched-linux-x86_64, r-release-linux-x86_64, r-release-macos-arm64, r-release-macos-x86_64, r-release-windows-x86_64
Version: 1.0.6
Check: package dependencies
Result: NOTE
Packages suggested but not available for checking: 'mvoutlier', 'glmulti'
Flavor: r-oldrel-macos-x86_64