CRAN Package Check Results for Package modeldata

Last updated on 2025-06-30 07:49:25 CEST.

Flavor Version Tinstall Tcheck Ttotal Status Flags
r-devel-linux-x86_64-debian-clang 1.4.0 20.40 51.39 71.79 OK
r-devel-linux-x86_64-debian-gcc 1.4.0 15.33 38.27 53.60 OK
r-devel-linux-x86_64-fedora-clang 1.4.0 106.29 OK
r-devel-linux-x86_64-fedora-gcc 1.4.0 101.53 OK
r-devel-windows-x86_64 1.4.0 24.00 88.00 112.00 OK
r-patched-linux-x86_64 OK
r-release-linux-x86_64 1.4.0 19.88 45.70 65.58 OK
r-release-macos-arm64 1.4.0 40.00 OK
r-release-macos-x86_64 1.4.0 66.00 OK
r-release-windows-x86_64 1.4.0 26.00 82.00 108.00 OK
r-oldrel-macos-arm64 1.4.0 42.00 NOTE
r-oldrel-macos-x86_64 1.4.0 90.00 NOTE
r-oldrel-windows-x86_64 1.4.0 29.00 93.00 122.00 OK

Check Details

Version: 1.4.0
Check: installed package size
Result: NOTE installed size is 5.4Mb sub-directories of 1Mb or more: data 5.2Mb Flavors: r-oldrel-macos-arm64, r-oldrel-macos-x86_64