Last updated on 2024-05-13 07:50:08 CEST.
Flavor | Version | Tinstall | Tcheck | Ttotal | Status | Flags |
---|---|---|---|---|---|---|
r-devel-linux-x86_64-debian-clang | 1.1 | 6.72 | 148.00 | 154.72 | NOTE | |
r-devel-linux-x86_64-debian-gcc | 1.1 | 5.48 | 127.70 | 133.18 | NOTE | |
r-devel-linux-x86_64-fedora-clang | 1.1 | 230.94 | NOTE | |||
r-devel-linux-x86_64-fedora-gcc | 1.1 | 263.29 | NOTE | |||
r-devel-windows-x86_64 | 1.1 | 8.00 | 129.00 | 137.00 | NOTE | |
r-patched-linux-x86_64 | 1.1 | 5.16 | 139.67 | 144.83 | NOTE | |
r-release-linux-x86_64 | 1.1 | 4.48 | 140.70 | 145.18 | NOTE | |
r-release-macos-arm64 | 1.1 | 61.00 | NOTE | |||
r-release-windows-x86_64 | 1.1 | 7.00 | 130.00 | 137.00 | NOTE | |
r-oldrel-macos-arm64 | 1.1 | 69.00 | NOTE | |||
r-oldrel-macos-x86_64 | 1.1 | 92.00 | NOTE | |||
r-oldrel-windows-x86_64 | 1.1 | 10.00 | 155.00 | 165.00 | NOTE |
Version: 1.1
Check: Rd files
Result: NOTE
checkRd: (-1) modelDown.Rd:28: Lost braces in \itemize; meant \describe ?
checkRd: (-1) modelDown.Rd:29: Lost braces in \itemize; meant \describe ?
checkRd: (-1) modelDown.Rd:30: Lost braces in \itemize; meant \describe ?
checkRd: (-1) modelDown.Rd:31: Lost braces in \itemize; meant \describe ?
Flavors: r-devel-linux-x86_64-debian-clang, r-devel-linux-x86_64-debian-gcc, r-devel-linux-x86_64-fedora-clang, r-devel-linux-x86_64-fedora-gcc, r-devel-windows-x86_64, r-patched-linux-x86_64, r-release-linux-x86_64, r-release-macos-arm64, r-release-windows-x86_64
Version: 1.1
Check: LazyData
Result: NOTE
'LazyData' is specified without a 'data' directory
Flavors: r-devel-linux-x86_64-debian-clang, r-devel-linux-x86_64-debian-gcc, r-devel-linux-x86_64-fedora-clang, r-devel-linux-x86_64-fedora-gcc, r-devel-windows-x86_64, r-patched-linux-x86_64, r-release-linux-x86_64, r-release-macos-arm64, r-release-windows-x86_64, r-oldrel-macos-arm64, r-oldrel-macos-x86_64, r-oldrel-windows-x86_64
Version: 1.1
Check: dependencies in R code
Result: NOTE
Namespaces in Imports field not imported from:
‘DALEX’ ‘DT’ ‘auditor’ ‘breakDown’ ‘drifter’ ‘svglite’
All declared Imports should be used.
Flavors: r-devel-linux-x86_64-fedora-clang, r-devel-linux-x86_64-fedora-gcc