Last updated on 2025-02-11 07:48:29 CET.
Flavor | Version | Tinstall | Tcheck | Ttotal | Status | Flags |
---|---|---|---|---|---|---|
r-devel-linux-x86_64-debian-clang | 1.0.3 | 1.65 | 16.54 | 18.19 | OK | |
r-devel-linux-x86_64-debian-gcc | 1.0.3 | 1.34 | 13.64 | 14.98 | OK | |
r-devel-linux-x86_64-fedora-clang | 1.0.3 | 29.66 | OK | |||
r-devel-linux-x86_64-fedora-gcc | 1.0.3 | 27.77 | OK | |||
r-devel-windows-x86_64 | 1.0.3 | 2.00 | 33.00 | 35.00 | OK | |
r-patched-linux-x86_64 | 1.0.3 | 1.69 | 16.48 | 18.17 | OK | |
r-release-linux-x86_64 | 1.0.3 | 1.42 | 15.94 | 17.36 | OK | |
r-release-macos-arm64 | 1.0.3 | 15.00 | OK | |||
r-release-macos-x86_64 | 1.0.3 | 27.00 | OK | |||
r-release-windows-x86_64 | 1.0.3 | 4.00 | 37.00 | 41.00 | OK | |
r-oldrel-macos-arm64 | 1.0.1 | 14.00 | NOTE | |||
r-oldrel-macos-x86_64 | 1.0.1 | 18.00 | NOTE | |||
r-oldrel-windows-x86_64 | 1.0.3 | 3.00 | 36.00 | 39.00 | OK |
Version: 1.0.1
Check: LazyData
Result: NOTE
'LazyData' is specified without a 'data' directory
Flavors: r-oldrel-macos-arm64, r-oldrel-macos-x86_64