Last updated on 2025-10-31 07:51:51 CET.
| Flavor | Version | Tinstall | Tcheck | Ttotal | Status | Flags | 
|---|---|---|---|---|---|---|
| r-devel-linux-x86_64-debian-clang | 1.0.6 | 3.78 | 63.38 | 67.16 | NOTE | |
| r-devel-linux-x86_64-debian-gcc | 1.0.6 | 2.56 | 46.02 | 48.58 | NOTE | |
| r-devel-linux-x86_64-fedora-clang | 1.0.6 | 102.24 | OK | |||
| r-devel-linux-x86_64-fedora-gcc | 1.0.6 | 16.00 | 104.46 | 120.46 | OK | |
| r-devel-windows-x86_64 | 1.0.6 | 5.00 | 77.00 | 82.00 | OK | |
| r-patched-linux-x86_64 | 1.0.6 | 3.07 | 61.43 | 64.50 | OK | |
| r-release-linux-x86_64 | 1.0.6 | 3.06 | 61.49 | 64.55 | OK | |
| r-release-macos-arm64 | 1.0.6 | 2.00 | 44.00 | 46.00 | OK | |
| r-release-macos-x86_64 | 1.0.6 | 4.00 | 82.00 | 86.00 | OK | |
| r-release-windows-x86_64 | 1.0.6 | 5.00 | 77.00 | 82.00 | OK | |
| r-oldrel-macos-arm64 | 1.0.6 | 2.00 | 37.00 | 39.00 | OK | |
| r-oldrel-macos-x86_64 | 1.0.6 | 3.00 | 55.00 | 58.00 | OK | |
| r-oldrel-windows-x86_64 | 1.0.6 | 7.00 | 97.00 | 104.00 | OK | 
Version: 1.0.6
Check: CRAN incoming feasibility
Result: NOTE
  Maintainer: ‘Clement Mabire <clement.mabire@inra.fr>’
  
  No Authors@R field in DESCRIPTION.
  Please add one, modifying
    Authors@R: c(person(given = "Fanny",
                        family = "Bonnafous",
                        role = "aut"),
                 person(given = "Alexandra",
                        family = "Duhnen",
                        role = "aut"),
                 person(given = "Louise",
                        family = "Gody",
                        role = "aut"),
                 person(given = "Olivier",
                        family = "Guillaume",
                        role = c("aut", "cre")),
                 person(given = "Brigitte",
                        family = "Mangin",
                        role = "aut"),
                 person(given = "Prune",
                        family = "Pegot-Espagnet",
                        role = "aut"),
                 person(given = "Vincent",
                        family = "Segura",
                        role = "aut"),
                 person(given = c("Bjarni", "J."),
                        family = "Vilhjalmsson",
                        role = "aut"),
                 person(given = "Clement",
                        family = "Mabire",
                        role = c("aut", "cre"),
                        email = "clement.mabire@inra.fr"),
                 person(given = "Timothee",
                        family = "Flutre",
                        role = "aut"))
  as necessary.
  
  Found the following URLs which should use \doi (with the DOI name only):
    File ‘mlmm.gwas.Rd’:
      https://doi.org/10.1007/s00122-017-3003-4
      https://doi.org/10.1038/ng.2314
Flavors: r-devel-linux-x86_64-debian-clang, r-devel-linux-x86_64-debian-gcc