Last updated on 2025-11-04 07:50:00 CET.
| Flavor | Version | Tinstall | Tcheck | Ttotal | Status | Flags | 
|---|---|---|---|---|---|---|
| r-devel-linux-x86_64-debian-clang | 6.3-1 | 16.64 | 152.50 | 169.14 | NOTE | |
| r-devel-linux-x86_64-debian-gcc | 6.3-1 | 10.91 | 102.54 | 113.45 | NOTE | |
| r-devel-linux-x86_64-fedora-clang | 6.3-1 | 33.00 | 234.47 | 267.47 | OK | |
| r-devel-linux-x86_64-fedora-gcc | 6.3-1 | 35.00 | 230.74 | 265.74 | OK | |
| r-devel-windows-x86_64 | 6.3-1 | 17.00 | 140.00 | 157.00 | OK | |
| r-patched-linux-x86_64 | 6.3-1 | 17.61 | 146.38 | 163.99 | OK | |
| r-release-linux-x86_64 | 6.3-1 | 15.98 | 142.10 | 158.08 | OK | |
| r-release-macos-arm64 | 6.3-1 | 10.00 | 86.00 | 96.00 | OK | |
| r-release-macos-x86_64 | 6.3-1 | 20.00 | 169.00 | 189.00 | OK | |
| r-release-windows-x86_64 | 6.3-1 | 18.00 | 136.00 | 154.00 | OK | |
| r-oldrel-macos-arm64 | 6.3-1 | 7.00 | 61.00 | 68.00 | OK | |
| r-oldrel-macos-x86_64 | 6.3-1 | 11.00 | 97.00 | 108.00 | OK | |
| r-oldrel-windows-x86_64 | 6.3-1 | 25.00 | 190.00 | 215.00 | OK | 
Version: 6.3-1
Check: CRAN incoming feasibility
Result: NOTE
  Maintainer: ‘Qingzhao Yu <qyu@lsuhsc.edu>’
  
  No Authors@R field in DESCRIPTION.
  Please add one, modifying
    Authors@R: c(person(given = "Qingzhao",
                        family = "Yu",
                        role = c("aut", "cre"),
                        email = "qyu@lsuhsc.edu"),
                 person(given = "Bin",
                        family = "Li",
                        role = "aut"))
  as necessary.
Flavors: r-devel-linux-x86_64-debian-clang, r-devel-linux-x86_64-debian-gcc