Last updated on 2024-07-26 07:51:55 CEST.
Flavor | Version | Tinstall | Tcheck | Ttotal | Status | Flags |
---|---|---|---|---|---|---|
r-devel-linux-x86_64-debian-clang | 1.1.0 | 20.33 | 99.31 | 119.64 | OK | |
r-devel-linux-x86_64-debian-gcc | 1.1.0 | 14.19 | 78.40 | 92.59 | NOTE | |
r-devel-linux-x86_64-fedora-clang | 1.1.0 | 179.05 | OK | |||
r-devel-linux-x86_64-fedora-gcc | 1.1.0 | 164.90 | OK | |||
r-devel-windows-x86_64 | 1.1.0 | 23.00 | 115.00 | 138.00 | NOTE | |
r-patched-linux-x86_64 | 1.1.0 | OK | ||||
r-release-linux-x86_64 | 1.1.0 | 12.75 | 97.66 | 110.41 | OK | |
r-release-macos-arm64 | 1.1.0 | 52.00 | OK | |||
r-release-macos-x86_64 | 1.1.0 | 130.00 | OK | |||
r-release-windows-x86_64 | 1.1.0 | 26.00 | 115.00 | 141.00 | OK | |
r-oldrel-macos-arm64 | 1.1.0 | 52.00 | OK | |||
r-oldrel-macos-x86_64 | 1.1.0 | 95.00 | OK | |||
r-oldrel-windows-x86_64 | 1.1.0 | 27.00 | 136.00 | 163.00 | OK |
Version: 1.1.0
Check: Rd cross-references
Result: NOTE
Found the following Rd file(s) with Rd \link{} targets missing package
anchors:
textable.Rd: xtable
Please provide package anchors for all Rd \link{} targets not in the
package itself and the base packages.
Flavors: r-devel-linux-x86_64-debian-gcc, r-devel-windows-x86_64