Last updated on 2025-10-31 07:51:50 CET.
| Flavor | Version | Tinstall | Tcheck | Ttotal | Status | Flags | 
|---|---|---|---|---|---|---|
| r-devel-linux-x86_64-debian-clang | 0.1-5 | 12.19 | 76.85 | 89.04 | NOTE | |
| r-devel-linux-x86_64-debian-gcc | 0.1-5 | 9.22 | 57.69 | 66.91 | NOTE | |
| r-devel-linux-x86_64-fedora-clang | 0.1-5 | 30.00 | 111.02 | 141.02 | OK | |
| r-devel-linux-x86_64-fedora-gcc | 0.1-5 | 24.00 | 108.76 | 132.76 | OK | |
| r-devel-windows-x86_64 | 0.1-5 | 20.00 | 87.00 | 107.00 | OK | |
| r-patched-linux-x86_64 | 0.1-5 | 11.27 | 73.66 | 84.93 | OK | |
| r-release-linux-x86_64 | 0.1-5 | 11.51 | 72.79 | 84.30 | OK | |
| r-release-macos-arm64 | 0.1-5 | 8.00 | 44.00 | 52.00 | OK | |
| r-release-macos-x86_64 | 0.1-5 | 18.00 | 82.00 | 100.00 | OK | |
| r-release-windows-x86_64 | 0.1-5 | 19.00 | 89.00 | 108.00 | OK | |
| r-oldrel-macos-arm64 | 0.1-5 | 6.00 | 37.00 | 43.00 | NOTE | |
| r-oldrel-macos-x86_64 | 0.1-5 | 9.00 | 55.00 | 64.00 | NOTE | |
| r-oldrel-windows-x86_64 | 0.1-5 | 24.00 | 108.00 | 132.00 | NOTE | 
Version: 0.1-5
Check: CRAN incoming feasibility
Result: NOTE
  Maintainer: ‘Dai Feng <daifeng.stat@gmail.com>’
  
  No Authors@R field in DESCRIPTION.
  Please add one, modifying
    Authors@R: person(given = "Dai",
                      family = "Feng",
                      role = c("aut", "cre"),
                      email = "daifeng.stat@gmail.com")
  as necessary.
Flavors: r-devel-linux-x86_64-debian-clang, r-devel-linux-x86_64-debian-gcc
Version: 0.1-5
Check: package dependencies
Result: NOTE
  Packages suggested but not available for checking: 'mixAK', 'BRugs'
Flavors: r-oldrel-macos-arm64, r-oldrel-macos-x86_64
Version: 0.1-5
Check: Rd cross-references
Result: NOTE
  Package unavailable to check Rd xrefs: ‘mixAK’
Flavors: r-oldrel-macos-arm64, r-oldrel-macos-x86_64
Version: 0.1-5
Check: package dependencies
Result: NOTE
  Package suggested but not available for checking: 'BRugs'
Flavor: r-oldrel-windows-x86_64