Last updated on 2024-05-11 07:51:36 CEST.
Flavor | Version | Tinstall | Tcheck | Ttotal | Status | Flags |
---|---|---|---|---|---|---|
r-devel-linux-x86_64-debian-clang | 3.1.1 | 8.05 | 50.37 | 58.42 | NOTE | |
r-devel-linux-x86_64-debian-gcc | 3.1.1 | 5.15 | 36.46 | 41.61 | NOTE | |
r-devel-linux-x86_64-fedora-clang | 3.1.1 | 70.12 | NOTE | |||
r-devel-linux-x86_64-fedora-gcc | 3.1.1 | 114.62 | NOTE | |||
r-devel-windows-x86_64 | 3.1.1 | 5.00 | 53.00 | 58.00 | NOTE | |
r-patched-linux-x86_64 | 3.1.1 | 6.80 | 47.76 | 54.56 | NOTE | |
r-release-linux-x86_64 | 3.1.1 | 6.81 | 47.29 | 54.10 | NOTE | |
r-release-macos-arm64 | 3.1.1 | 34.00 | NOTE | |||
r-release-windows-x86_64 | 3.1.1 | 6.00 | 53.00 | 59.00 | NOTE | |
r-oldrel-macos-arm64 | 3.1.1 | 24.00 | NOTE | |||
r-oldrel-macos-x86_64 | 3.1.1 | 39.00 | NOTE | |||
r-oldrel-windows-x86_64 | 3.1.1 | 7.00 | 54.00 | 61.00 | NOTE |
Version: 3.1.1
Check: LazyData
Result: NOTE
'LazyData' is specified without a 'data' directory
Flavors: r-devel-linux-x86_64-debian-clang, r-devel-linux-x86_64-debian-gcc, r-devel-linux-x86_64-fedora-clang, r-devel-linux-x86_64-fedora-gcc, r-devel-windows-x86_64, r-patched-linux-x86_64, r-release-linux-x86_64, r-release-macos-arm64, r-release-windows-x86_64, r-oldrel-macos-arm64, r-oldrel-macos-x86_64, r-oldrel-windows-x86_64