Last updated on 2025-02-17 07:50:40 CET.
Flavor | Version | Tinstall | Tcheck | Ttotal | Status | Flags |
---|---|---|---|---|---|---|
r-devel-linux-x86_64-debian-clang | 0.1.0 | 13.15 | 50.09 | 63.24 | NOTE | |
r-devel-linux-x86_64-debian-gcc | 0.1.0 | 8.16 | 36.59 | 44.75 | NOTE | |
r-devel-linux-x86_64-fedora-clang | 0.1.0 | 105.02 | NOTE | |||
r-devel-linux-x86_64-fedora-gcc | 0.1.0 | 103.95 | NOTE | |||
r-devel-macos-arm64 | 0.1.0 | 33.00 | OK | |||
r-devel-macos-x86_64 | 0.1.0 | 62.00 | NOTE | |||
r-devel-windows-x86_64 | 0.1.0 | 13.00 | 68.00 | 81.00 | NOTE | |
r-patched-linux-x86_64 | 0.1.0 | 12.38 | 47.01 | 59.39 | OK | |
r-release-linux-x86_64 | 0.1.0 | 12.41 | 46.78 | 59.19 | OK | |
r-release-macos-arm64 | 0.1.0 | 37.00 | OK | |||
r-release-macos-x86_64 | 0.1.0 | 49.00 | OK | |||
r-release-windows-x86_64 | 0.1.0 | 17.00 | 66.00 | 83.00 | OK | |
r-oldrel-macos-arm64 | 0.1.0 | 48.00 | OK | |||
r-oldrel-macos-x86_64 | 0.1.0 | 84.00 | OK | |||
r-oldrel-windows-x86_64 | 0.1.0 | 19.00 | 76.00 | 95.00 | OK |
Version: 0.1.0
Check: DESCRIPTION meta-information
Result: NOTE
Missing dependency on R >= 4.1.0 because package code uses the pipe
|> or function shorthand \(...) syntax added in R 4.1.0.
File(s) using such syntax:
‘cylinder-bundle-compartment.R’ ‘cylinder-bundle-geometry.R’
‘samplers.R’ ‘utils.R’
Flavors: r-devel-linux-x86_64-debian-clang, r-devel-linux-x86_64-debian-gcc, r-devel-linux-x86_64-fedora-clang, r-devel-linux-x86_64-fedora-gcc, r-devel-macos-x86_64, r-devel-windows-x86_64