Last updated on 2025-02-17 07:50:40 CET.
Flavor | Version | Tinstall | Tcheck | Ttotal | Status | Flags |
---|---|---|---|---|---|---|
r-devel-linux-x86_64-debian-clang | 0.8 | 41.46 | 180.11 | 221.57 | NOTE | |
r-devel-linux-x86_64-debian-gcc | 0.8 | 25.07 | 125.59 | 150.66 | NOTE | |
r-devel-linux-x86_64-fedora-clang | 0.8 | 382.63 | OK | |||
r-devel-linux-x86_64-fedora-gcc | 0.8 | 358.94 | OK | |||
r-devel-macos-arm64 | 0.8 | 204.00 | OK | |||
r-devel-macos-x86_64 | 0.8 | 197.00 | OK | |||
r-devel-windows-x86_64 | 0.8 | 40.00 | 194.00 | 234.00 | NOTE | |
r-patched-linux-x86_64 | 0.8 | 42.70 | 169.20 | 211.90 | OK | |
r-release-linux-x86_64 | 0.8 | 38.37 | 166.31 | 204.68 | OK | |
r-release-macos-arm64 | 0.8 | 90.00 | OK | |||
r-release-macos-x86_64 | 0.8 | 136.00 | OK | |||
r-release-windows-x86_64 | 0.8 | 42.00 | 195.00 | 237.00 | OK | |
r-oldrel-macos-arm64 | 0.8 | 97.00 | OK | |||
r-oldrel-macos-x86_64 | 0.8 | 160.00 | OK | |||
r-oldrel-windows-x86_64 | 0.8 | 51.00 | 252.00 | 303.00 | OK |
Version: 0.8
Check: Rd cross-references
Result: NOTE
Found the following Rd file(s) with Rd \link{} targets missing package
anchors:
midas_lstr_plain.Rd: optimx
midas_mmm_plain.Rd: optimx
midas_nlpr.Rd: optimx
midas_r_plain.Rd: optimx
midas_sp.Rd: optimx
Please provide package anchors for all Rd \link{} targets not in the
package itself and the base packages.
Flavors: r-devel-linux-x86_64-debian-clang, r-devel-linux-x86_64-debian-gcc, r-devel-windows-x86_64