Last updated on 2025-02-17 07:50:40 CET.
Flavor | Version | Tinstall | Tcheck | Ttotal | Status | Flags |
---|---|---|---|---|---|---|
r-devel-linux-x86_64-debian-clang | 3.17-44 | 113.23 | 172.01 | 285.24 | OK | |
r-devel-linux-x86_64-debian-gcc | 3.17-44 | 78.68 | 113.60 | 192.28 | OK | |
r-devel-linux-x86_64-fedora-clang | 3.17-44 | 530.35 | OK | |||
r-devel-linux-x86_64-fedora-gcc | 3.17-44 | 511.56 | OK | |||
r-devel-macos-arm64 | 3.17-44 | 108.00 | OK | |||
r-devel-macos-x86_64 | 3.17-44 | 173.00 | OK | |||
r-devel-windows-x86_64 | 3.17-44 | 116.00 | 212.00 | 328.00 | OK | |
r-patched-linux-x86_64 | 3.17-44 | 110.22 | 155.39 | 265.61 | OK | |
r-release-linux-x86_64 | 3.17-44 | 108.84 | 155.34 | 264.18 | OK | |
r-release-macos-arm64 | 3.17-44 | 113.00 | NOTE | |||
r-release-macos-x86_64 | 3.17-44 | 152.00 | NOTE | |||
r-release-windows-x86_64 | 3.17-44 | 115.00 | 220.00 | 335.00 | OK | |
r-oldrel-macos-arm64 | 3.17-44 | 113.00 | NOTE | |||
r-oldrel-macos-x86_64 | 3.17-44 | 182.00 | NOTE | |||
r-oldrel-windows-x86_64 | 3.17-44 | 145.00 | 250.00 | 395.00 | OK |
Version: 3.17-44
Check: installed package size
Result: NOTE
installed size is 7.3Mb
sub-directories of 1Mb or more:
libs 5.6Mb
Flavors: r-release-macos-arm64, r-release-macos-x86_64, r-oldrel-macos-arm64, r-oldrel-macos-x86_64