Last updated on 2025-02-07 07:49:12 CET.
Flavor | Version | Tinstall | Tcheck | Ttotal | Status | Flags |
---|---|---|---|---|---|---|
r-devel-linux-x86_64-debian-clang | 0.8.2 | 72.10 | 74.42 | 146.52 | NOTE | |
r-devel-linux-x86_64-debian-gcc | 0.8.5 | 56.53 | 49.88 | 106.41 | OK | |
r-devel-linux-x86_64-fedora-clang | 0.8.5 | 206.20 | OK | |||
r-devel-linux-x86_64-fedora-gcc | 0.8.5 | 190.71 | OK | |||
r-devel-windows-x86_64 | 0.8.5 | 80.00 | 102.00 | 182.00 | OK | |
r-patched-linux-x86_64 | 0.8.5 | 83.19 | 67.59 | 150.78 | OK | |
r-release-linux-x86_64 | 0.8.5 | 82.05 | 64.69 | 146.74 | OK | |
r-release-macos-arm64 | 0.8.5 | 65.00 | ERROR | |||
r-release-macos-x86_64 | 0.8.5 | 175.00 | NOTE | |||
r-release-windows-x86_64 | 0.8.5 | 83.00 | 107.00 | 190.00 | OK | |
r-oldrel-macos-arm64 | 0.8.2 | 73.00 | NOTE | |||
r-oldrel-macos-x86_64 | 0.8.2 | 135.00 | NOTE | |||
r-oldrel-windows-x86_64 | 0.8.5 | 80.00 | 121.00 | 201.00 | OK |
Version: 0.8.2
Check: C++ specification
Result: NOTE
Specified C++11: please drop specification unless essential
Flavors: r-devel-linux-x86_64-debian-clang, r-oldrel-macos-arm64, r-oldrel-macos-x86_64
Version: 0.8.2
Check: Rd files
Result: NOTE
checkRd: (-1) VIF.Rd:47: Lost braces; missing escapes or markup?
47 | vif_corrected = vif_basic^{(1/(2*df))}
| ^
Flavor: r-devel-linux-x86_64-debian-clang
Version: 0.8.2
Check: Rd cross-references
Result: NOTE
Found the following Rd file(s) with Rd \link{} targets missing package
anchors:
Rcpp_corrData-class.Rd: C++Object-class
Rcpp_miceFast-class.Rd: C++Object-class
Please provide package anchors for all Rd \link{} targets not in the
package itself and the base packages.
Flavor: r-devel-linux-x86_64-debian-clang
Version: 0.8.5
Check: installed package size
Result: NOTE
installed size is 9.5Mb
sub-directories of 1Mb or more:
libs 8.5Mb
Flavors: r-release-macos-arm64, r-release-macos-x86_64
Version: 0.8.5
Check: re-building of vignette outputs
Result: ERROR
Error(s) in re-building vignettes:
--- re-building ‘miceFast-intro.Rmd’ using rmarkdown
Quitting from lines 43-46 [unnamed-chunk-1] (miceFast-intro.Rmd)
Error: processing vignette 'miceFast-intro.Rmd' failed with diagnostics:
package or namespace load failed for 'mice' in loadNamespace(i, c(lib.loc, .libPaths()), versionCheck = vI[[i]]):
there is no package called 'pan'
--- failed re-building ‘miceFast-intro.Rmd’
SUMMARY: processing the following file failed:
‘miceFast-intro.Rmd’
Error: Vignette re-building failed.
Execution halted
Flavor: r-release-macos-arm64
Version: 0.8.2
Check: installed package size
Result: NOTE
installed size is 9.8Mb
sub-directories of 1Mb or more:
libs 8.6Mb
Flavors: r-oldrel-macos-arm64, r-oldrel-macos-x86_64