Last updated on 2025-10-30 07:51:00 CET.
| Flavor | Version | Tinstall | Tcheck | Ttotal | Status | Flags | 
|---|---|---|---|---|---|---|
| r-devel-linux-x86_64-debian-clang | 2.1.5 | 7.96 | 92.97 | 100.93 | NOTE | |
| r-devel-linux-x86_64-debian-gcc | 2.1.5 | 5.50 | 64.14 | 69.64 | NOTE | |
| r-devel-linux-x86_64-fedora-clang | 2.1.5 | 16.00 | 141.33 | 157.33 | OK | |
| r-devel-linux-x86_64-fedora-gcc | 2.1.5 | 16.00 | 131.25 | 147.25 | OK | |
| r-devel-windows-x86_64 | 2.1.5 | 9.00 | 97.00 | 106.00 | OK | |
| r-patched-linux-x86_64 | 2.1.5 | 8.24 | 88.28 | 96.52 | OK | |
| r-release-linux-x86_64 | 2.1.5 | 7.31 | 87.25 | 94.56 | OK | |
| r-release-macos-arm64 | 2.1.5 | 3.00 | 31.00 | 34.00 | OK | |
| r-release-macos-x86_64 | 2.1.5 | 8.00 | 73.00 | 81.00 | OK | |
| r-release-windows-x86_64 | 2.1.5 | 10.00 | 98.00 | 108.00 | OK | |
| r-oldrel-macos-arm64 | 2.1.5 | 3.00 | 28.00 | 31.00 | OK | |
| r-oldrel-macos-x86_64 | 2.1.5 | 7.00 | 62.00 | 69.00 | OK | |
| r-oldrel-windows-x86_64 | 2.1.5 | 12.00 | 121.00 | 133.00 | OK | 
Version: 2.1.5
Check: CRAN incoming feasibility
Result: NOTE
  Maintainer: ‘Min Lu <m.lu6@umiami.edu>’
  
  No Authors@R field in DESCRIPTION.
  Please add one, modifying
    Authors@R: person(given = "Min",
                      family = "Lu",
                      role = c("aut", "cre"),
                      email = "m.lu6@umiami.edu")
  as necessary.
  
  The BugReports field in DESCRIPTION has
    https://github.com/luminwin/metavcov/issues/new
  which should likely be
    https://github.com/luminwin/metavcov/issues/new/issues
  instead.
Flavors: r-devel-linux-x86_64-debian-clang, r-devel-linux-x86_64-debian-gcc