Last updated on 2024-05-11 07:51:35 CEST.
Flavor | Version | Tinstall | Tcheck | Ttotal | Status | Flags |
---|---|---|---|---|---|---|
r-devel-linux-x86_64-debian-clang | 1.0.0 | 12.68 | 1028.96 | 1041.64 | OK | |
r-devel-linux-x86_64-debian-gcc | 1.0.0 | 9.77 | 697.04 | 706.81 | OK | |
r-devel-linux-x86_64-fedora-clang | 1.0.0 | 1211.92 | NOTE | |||
r-devel-linux-x86_64-fedora-gcc | 1.0.0 | 1200.93 | NOTE | |||
r-devel-windows-x86_64 | 1.0.0 | 11.00 | 571.00 | 582.00 | OK | |
r-patched-linux-x86_64 | 1.0.0 | 10.22 | 959.92 | 970.14 | OK | |
r-release-linux-x86_64 | 1.0.0 | 7.31 | 965.91 | 973.22 | OK | |
r-release-macos-arm64 | 1.0.0 | 245.00 | OK | |||
r-release-macos-x86_64 | 1.0.0 | 565.00 | OK | |||
r-release-windows-x86_64 | 1.0.0 | 12.00 | 553.00 | 565.00 | OK | |
r-oldrel-macos-arm64 | 1.0.0 | 167.00 | OK | |||
r-oldrel-macos-x86_64 | 1.0.0 | 559.00 | OK | |||
r-oldrel-windows-x86_64 | 1.0.0 | 14.00 | 832.00 | 846.00 | OK |
Version: 1.0.0
Check: dependencies in R code
Result: NOTE
Namespaces in Imports field not imported from:
‘mvtnorm’ ‘numDeriv’ ‘utils’
All declared Imports should be used.
Flavors: r-devel-linux-x86_64-fedora-clang, r-devel-linux-x86_64-fedora-gcc
Version: 1.0.0
Check: data for non-ASCII characters
Result: NOTE
Note: found 36 marked UTF-8 strings
Flavors: r-devel-linux-x86_64-fedora-clang, r-devel-linux-x86_64-fedora-gcc