CRAN Package Check Results for Package metaBMA

Last updated on 2025-06-30 07:49:24 CEST.

Flavor Version Tinstall Tcheck Ttotal Status Flags
r-devel-linux-x86_64-debian-clang 0.6.9 817.79 260.56 1078.35 OK
r-devel-linux-x86_64-debian-gcc 0.6.9 765.70 245.05 1010.75 OK
r-devel-linux-x86_64-fedora-clang 0.6.9 1677.83 OK
r-devel-linux-x86_64-fedora-gcc 0.6.9 2400.48 OK
r-devel-windows-x86_64 0.6.9 934.00 337.00 1271.00 OK
r-patched-linux-x86_64 OK
r-release-linux-x86_64 0.6.9 965.70 337.64 1303.34 OK
r-release-macos-arm64 0.6.9 427.00 OK
r-release-macos-x86_64 0.6.9 688.00 OK
r-release-windows-x86_64 0.6.9 917.00 323.00 1240.00 OK
r-oldrel-macos-arm64 0.6.9 243.00 NOTE
r-oldrel-macos-x86_64 0.6.9 241.00 NOTE
r-oldrel-windows-x86_64 0.6.9 1078.00 421.00 1499.00 NOTE

Check Details

Version: 0.6.9
Check: installed package size
Result: NOTE installed size is 129.7Mb sub-directories of 1Mb or more: libs 129.0Mb Flavors: r-oldrel-macos-arm64, r-oldrel-macos-x86_64, r-oldrel-windows-x86_64

Version: 0.6.9
Check: for GNU extensions in Makefiles
Result: NOTE GNU make is a SystemRequirements. Flavors: r-oldrel-macos-arm64, r-oldrel-macos-x86_64