Last updated on 2024-07-26 07:51:55 CEST.
Flavor | Version | Tinstall | Tcheck | Ttotal | Status | Flags |
---|---|---|---|---|---|---|
r-devel-linux-x86_64-debian-clang | 4.5.0 | 26.95 | 342.06 | 369.01 | OK | |
r-devel-linux-x86_64-debian-gcc | 4.5.0 | 21.84 | 247.08 | 268.92 | NOTE | |
r-devel-linux-x86_64-fedora-clang | 4.5.0 | 447.77 | OK | |||
r-devel-linux-x86_64-fedora-gcc | 4.5.0 | 440.62 | OK | |||
r-devel-windows-x86_64 | 4.5.0 | 23.00 | 332.00 | 355.00 | NOTE | |
r-patched-linux-x86_64 | 4.5.0 | OK | ||||
r-release-linux-x86_64 | 4.5.0 | 17.12 | 328.28 | 345.40 | OK | |
r-release-macos-arm64 | 4.5.0 | 126.00 | OK | |||
r-release-macos-x86_64 | 4.5.0 | 213.00 | OK | |||
r-release-windows-x86_64 | 4.5.0 | 21.00 | 336.00 | 357.00 | OK | |
r-oldrel-macos-arm64 | 4.5.0 | 186.00 | OK | |||
r-oldrel-macos-x86_64 | 4.5.0 | 316.00 | OK | |||
r-oldrel-windows-x86_64 | 4.5.0 | 29.00 | 369.00 | 398.00 | OK |
Version: 4.5.0
Check: Rd cross-references
Result: NOTE
Found the following Rd file(s) with Rd \link{} targets missing package
anchors:
mediate.Rd: survreg, Surv, mgcv, s
Please provide package anchors for all Rd \link{} targets not in the
package itself and the base packages.
Flavors: r-devel-linux-x86_64-debian-gcc, r-devel-windows-x86_64