Last updated on 2025-01-21 07:49:18 CET.
Flavor | Version | Tinstall | Tcheck | Ttotal | Status | Flags |
---|---|---|---|---|---|---|
r-devel-linux-x86_64-debian-clang | 4.7.0 | 432.46 | 163.84 | 596.30 | OK | |
r-devel-linux-x86_64-debian-gcc | 4.7.0 | 287.74 | 104.11 | 391.85 | OK | |
r-devel-linux-x86_64-fedora-clang | 4.7.0 | 778.57 | OK | |||
r-devel-linux-x86_64-fedora-gcc | 4.7.0 | 1090.65 | OK | |||
r-devel-windows-x86_64 | 4.7.0 | 317.00 | 237.00 | 554.00 | OK | |
r-patched-linux-x86_64 | 4.7.0 | 394.12 | 151.06 | 545.18 | OK | |
r-release-linux-x86_64 | 4.7.0 | 402.20 | 152.45 | 554.65 | OK | |
r-release-macos-arm64 | 4.7.0 | 158.00 | NOTE | |||
r-release-macos-x86_64 | 4.7.0 | 139.00 | NOTE | |||
r-release-windows-x86_64 | 4.7.0 | 313.00 | 231.00 | 544.00 | NOTE | |
r-oldrel-macos-arm64 | 4.7.0 | 204.00 | NOTE | |||
r-oldrel-macos-x86_64 | 4.7.0 | 174.00 | NOTE | |||
r-oldrel-windows-x86_64 | 4.7.0 | 422.00 | 286.00 | 708.00 | NOTE |
Version: 4.7.0
Check: installed package size
Result: NOTE
installed size is 50.4Mb
sub-directories of 1Mb or more:
libs 49.1Mb
Flavors: r-release-macos-arm64, r-release-macos-x86_64, r-release-windows-x86_64, r-oldrel-macos-arm64, r-oldrel-macos-x86_64, r-oldrel-windows-x86_64