Last updated on 2024-05-09 07:56:51 CEST.
Flavor | Version | Tinstall | Tcheck | Ttotal | Status | Flags |
---|---|---|---|---|---|---|
r-devel-linux-x86_64-debian-clang | 1.0.1 | 6.20 | 77.53 | 83.73 | NOTE | |
r-devel-linux-x86_64-debian-gcc | 1.0.1 | 5.73 | 58.64 | 64.37 | NOTE | |
r-devel-linux-x86_64-fedora-clang | 1.0.1 | 104.94 | NOTE | |||
r-devel-linux-x86_64-fedora-gcc | 1.0.1 | 166.97 | NOTE | |||
r-devel-windows-x86_64 | 1.0.1 | 7.00 | 80.00 | 87.00 | NOTE | |
r-patched-linux-x86_64 | 1.0.1 | 4.16 | 74.15 | 78.31 | NOTE | |
r-release-linux-x86_64 | 1.0.1 | 4.35 | 75.82 | 80.17 | NOTE | |
r-release-macos-arm64 | 1.0.1 | 43.00 | NOTE | |||
r-release-windows-x86_64 | 1.0.1 | 7.00 | 77.00 | 84.00 | NOTE | |
r-oldrel-macos-arm64 | 1.0.1 | 39.00 | NOTE | |||
r-oldrel-macos-x86_64 | 1.0.1 | 60.00 | NOTE | |||
r-oldrel-windows-x86_64 | 1.0.1 | 9.00 | 88.00 | 97.00 | NOTE |
Version: 1.0.1
Check: LazyData
Result: NOTE
'LazyData' is specified without a 'data' directory
Flavors: r-devel-linux-x86_64-debian-clang, r-devel-linux-x86_64-debian-gcc, r-devel-linux-x86_64-fedora-clang, r-devel-linux-x86_64-fedora-gcc, r-devel-windows-x86_64, r-patched-linux-x86_64, r-release-linux-x86_64, r-release-macos-arm64, r-release-windows-x86_64, r-oldrel-macos-arm64, r-oldrel-macos-x86_64, r-oldrel-windows-x86_64
Version: 1.0.1
Check: dependencies in R code
Result: NOTE
Namespace in Imports field not imported from: ‘glmnet’
All declared Imports should be used.
Flavors: r-devel-linux-x86_64-fedora-clang, r-devel-linux-x86_64-fedora-gcc