CRAN Package Check Results for Package mcwr

Last updated on 2025-02-11 07:48:29 CET.

Flavor Version Tinstall Tcheck Ttotal Status Flags
r-devel-linux-x86_64-debian-clang 1.0.0 2.35 20.51 22.86 OK
r-devel-linux-x86_64-debian-gcc 1.0.0 1.73 16.02 17.75 OK
r-devel-linux-x86_64-fedora-clang 1.0.0 37.84 OK
r-devel-linux-x86_64-fedora-gcc 1.0.0 34.32 OK
r-devel-windows-x86_64 1.0.0 3.00 39.00 42.00 OK
r-patched-linux-x86_64 1.0.0 2.39 19.33 21.72 NOTE
r-release-linux-x86_64 1.0.0 2.45 19.54 21.99 NOTE
r-release-macos-arm64 1.0.0 14.00 NOTE
r-release-macos-x86_64 1.0.0 23.00 NOTE
r-release-windows-x86_64 1.0.0 3.00 38.00 41.00 NOTE
r-oldrel-macos-arm64 1.0.0 18.00 NOTE
r-oldrel-macos-x86_64 1.0.0 21.00 NOTE
r-oldrel-windows-x86_64 1.0.0 5.00 39.00 44.00 NOTE

Check Details

Version: 1.0.0
Check: LazyData
Result: NOTE 'LazyData' is specified without a 'data' directory Flavors: r-patched-linux-x86_64, r-release-linux-x86_64, r-release-macos-arm64, r-release-macos-x86_64, r-release-windows-x86_64, r-oldrel-macos-arm64, r-oldrel-macos-x86_64, r-oldrel-windows-x86_64