Last updated on 2025-02-19 07:53:48 CET.
Flavor | Version | Tinstall | Tcheck | Ttotal | Status | Flags |
---|---|---|---|---|---|---|
r-devel-linux-x86_64-debian-clang | 0.1.3 | 5.10 | 36.90 | 42.00 | NOTE | |
r-devel-linux-x86_64-debian-gcc | 0.1.3 | 3.87 | 27.55 | 31.42 | NOTE | |
r-devel-linux-x86_64-fedora-clang | 0.1.3 | 68.91 | NOTE | |||
r-devel-linux-x86_64-fedora-gcc | 0.1.3 | 70.27 | NOTE | |||
r-devel-macos-arm64 | 0.1.3 | 23.00 | OK | |||
r-devel-macos-x86_64 | 0.1.3 | 37.00 | OK | |||
r-devel-windows-x86_64 | 0.1.3 | 8.00 | 73.00 | 81.00 | OK | |
r-patched-linux-x86_64 | 0.1.3 | 5.81 | 35.46 | 41.27 | NOTE | |
r-release-linux-x86_64 | 0.1.3 | 3.92 | 35.18 | 39.10 | NOTE | |
r-release-macos-arm64 | 0.1.3 | 24.00 | OK | |||
r-release-macos-x86_64 | 0.1.3 | 32.00 | OK | |||
r-release-windows-x86_64 | 0.1.3 | 7.00 | 70.00 | 77.00 | OK | |
r-oldrel-macos-arm64 | 0.1.3 | 24.00 | OK | |||
r-oldrel-macos-x86_64 | 0.1.3 | 33.00 | OK | |||
r-oldrel-windows-x86_64 | 0.1.3 | 8.00 | 83.00 | 91.00 | OK |
Version: 0.1.3
Check: for non-standard things in the check directory
Result: NOTE
Found the following files/directories:
‘map_5.png’ ‘maze_5.html’
Flavors: r-devel-linux-x86_64-debian-clang, r-devel-linux-x86_64-debian-gcc, r-devel-linux-x86_64-fedora-clang, r-devel-linux-x86_64-fedora-gcc, r-patched-linux-x86_64, r-release-linux-x86_64