CRAN Package Check Results for Package mapscanner

Last updated on 2025-06-30 07:49:24 CEST.

Flavor Version Tinstall Tcheck Ttotal Status Flags
r-devel-linux-x86_64-debian-clang 0.1.1 25.89 70.50 96.39 OK
r-devel-linux-x86_64-debian-gcc 0.1.1 18.44 50.22 68.66 OK
r-devel-linux-x86_64-fedora-clang 0.1.1 160.51 OK
r-devel-linux-x86_64-fedora-gcc 0.1.1 168.96 OK
r-devel-windows-x86_64 0.1.1 35.00 100.00 135.00 OK
r-patched-linux-x86_64 OK
r-release-linux-x86_64 0.1.1 26.44 65.68 92.12 OK
r-release-macos-arm64 0.1.1 63.00 OK
r-release-macos-x86_64 0.1.1 114.00 OK
r-release-windows-x86_64 0.1.1 34.00 98.00 132.00 OK
r-oldrel-macos-arm64 0.1.1 57.00 NOTE
r-oldrel-macos-x86_64 0.1.1 121.00 NOTE
r-oldrel-windows-x86_64 0.1.1 39.00 121.00 160.00 OK

Check Details

Version: 0.1.1
Check: installed package size
Result: NOTE installed size is 5.4Mb sub-directories of 1Mb or more: doc 2.6Mb libs 2.0Mb Flavors: r-oldrel-macos-arm64, r-oldrel-macos-x86_64