Last updated on 2024-07-26 07:51:54 CEST.
Flavor | Version | Tinstall | Tcheck | Ttotal | Status | Flags |
---|---|---|---|---|---|---|
r-devel-linux-x86_64-debian-clang | 0.5.4 | 4.69 | 66.29 | 70.98 | OK | |
r-devel-linux-x86_64-debian-gcc | 0.5.4 | 3.41 | 50.30 | 53.71 | OK | |
r-devel-linux-x86_64-fedora-clang | 0.5.4 | 90.44 | NOTE | |||
r-devel-linux-x86_64-fedora-gcc | 0.5.4 | 99.17 | NOTE | |||
r-devel-windows-x86_64 | 0.5.4 | 6.00 | 82.00 | 88.00 | OK | |
r-patched-linux-x86_64 | 0.5.4 | OK | ||||
r-release-linux-x86_64 | 0.5.4 | 4.15 | 62.45 | 66.60 | OK | |
r-release-macos-arm64 | 0.5.4 | 34.00 | OK | |||
r-release-macos-x86_64 | 0.5.4 | 53.00 | OK | |||
r-release-windows-x86_64 | 0.5.4 | 5.00 | 82.00 | 87.00 | OK | |
r-oldrel-macos-arm64 | 0.5.4 | 33.00 | OK | |||
r-oldrel-macos-x86_64 | 0.5.4 | 59.00 | OK | |||
r-oldrel-windows-x86_64 | 0.5.4 | 7.00 | 82.00 | 89.00 | OK |
Version: 0.5.4
Check: data for non-ASCII characters
Result: NOTE
Note: found 55 marked UTF-8 strings
Flavors: r-devel-linux-x86_64-fedora-clang, r-devel-linux-x86_64-fedora-gcc