CRAN Package Check Results for Package manipulateWidget

Last updated on 2025-01-21 07:49:16 CET.

Flavor Version Tinstall Tcheck Ttotal Status Flags
r-devel-linux-x86_64-debian-clang 0.11.1 5.60 56.47 62.07 NOTE
r-devel-linux-x86_64-debian-gcc 0.11.1 4.19 41.44 45.63 NOTE
r-devel-linux-x86_64-fedora-clang 0.11.1 102.81 NOTE
r-devel-linux-x86_64-fedora-gcc 0.11.1 122.35 NOTE
r-devel-windows-x86_64 0.11.1 9.00 85.00 94.00 NOTE
r-patched-linux-x86_64 0.11.1 7.34 53.82 61.16 NOTE
r-release-linux-x86_64 0.11.1 6.23 54.13 60.36 NOTE
r-release-macos-arm64 0.11.1 46.00 NOTE
r-release-macos-x86_64 0.11.1 69.00 NOTE
r-release-windows-x86_64 0.11.1 8.00 91.00 99.00 NOTE
r-oldrel-macos-arm64 0.11.1 45.00 OK
r-oldrel-macos-x86_64 0.11.1 71.00 OK
r-oldrel-windows-x86_64 0.11.1 11.00 94.00 105.00 OK

Check Details

Version: 0.11.1
Check: Rd files
Result: NOTE checkRd: (-1) manipulateWidget.Rd:113-117: Lost braces in \itemize; meant \describe ? checkRd: (-1) manipulateWidget.Rd:118-120: Lost braces in \itemize; meant \describe ? checkRd: (-1) manipulateWidget.Rd:121-123: Lost braces in \itemize; meant \describe ? checkRd: (-1) manipulateWidget.Rd:124-127: Lost braces in \itemize; meant \describe ? Flavors: r-devel-linux-x86_64-debian-clang, r-devel-linux-x86_64-debian-gcc, r-devel-linux-x86_64-fedora-clang, r-devel-linux-x86_64-fedora-gcc, r-devel-windows-x86_64, r-patched-linux-x86_64, r-release-linux-x86_64, r-release-macos-arm64, r-release-macos-x86_64, r-release-windows-x86_64