Last updated on 2025-05-09 07:50:59 CEST.
Flavor | Version | Tinstall | Tcheck | Ttotal | Status | Flags |
---|---|---|---|---|---|---|
r-devel-linux-x86_64-debian-clang | 0.6.6 | 2.93 | 55.36 | 58.29 | NOTE | |
r-devel-linux-x86_64-debian-gcc | 0.6.6 | 2.58 | 43.23 | 45.81 | NOTE | |
r-devel-linux-x86_64-fedora-clang | 0.6.6 | 92.70 | OK | |||
r-devel-linux-x86_64-fedora-gcc | 0.6.6 | 105.38 | OK | |||
r-devel-windows-x86_64 | 0.6.6 | 7.00 | 142.00 | 149.00 | OK | |
r-patched-linux-x86_64 | 0.6.6 | 3.13 | 54.38 | 57.51 | OK | |
r-release-linux-x86_64 | 0.6.6 | 3.27 | 54.34 | 57.61 | OK | |
r-release-macos-arm64 | 0.6.6 | 54.00 | OK | |||
r-release-macos-x86_64 | 0.6.6 | 110.00 | OK | |||
r-release-windows-x86_64 | 0.6.6 | 6.00 | 167.00 | 173.00 | OK | |
r-oldrel-macos-arm64 | 0.6.6 | 44.00 | OK | |||
r-oldrel-macos-x86_64 | 0.6.6 | 70.00 | OK | |||
r-oldrel-windows-x86_64 | 0.6.6 | 5.00 | 137.00 | 142.00 | OK |
Version: 0.6.6
Check: CRAN incoming feasibility
Result: NOTE
Maintainer: ‘Dave Zes <zesdave@gmail.com>’
No Authors@R field in DESCRIPTION.
Please add one, modifying
Authors@R: person(given = "Dave",
family = "Zes",
role = c("aut", "cre"),
email = "zesdave@gmail.com")
as necessary.
Flavors: r-devel-linux-x86_64-debian-clang, r-devel-linux-x86_64-debian-gcc