Last updated on 2025-11-02 07:50:13 CET.
| Flavor | Version | Tinstall | Tcheck | Ttotal | Status | Flags |
|---|---|---|---|---|---|---|
| r-devel-linux-x86_64-debian-clang | 1.3.2 | 18.30 | 63.63 | 81.93 | OK | |
| r-devel-linux-x86_64-debian-gcc | 1.3.2 | 9.36 | 46.72 | 56.08 | OK | |
| r-devel-linux-x86_64-fedora-clang | 1.3.2 | 101.00 | 25.28 | 126.28 | OK | |
| r-devel-linux-x86_64-fedora-gcc | 1.3.2 | 108.00 | 30.27 | 138.27 | OK | |
| r-devel-windows-x86_64 | 1.3.2 | 18.00 | 101.00 | 119.00 | OK | |
| r-patched-linux-x86_64 | 1.3.2 | 16.25 | 58.27 | 74.52 | OK | |
| r-release-linux-x86_64 | 1.3.2 | 14.88 | 59.29 | 74.17 | OK | |
| r-release-macos-arm64 | 1.3.2 | 6.00 | 37.00 | 43.00 | OK | |
| r-release-macos-x86_64 | 1.3.2 | 16.00 | 81.00 | 97.00 | OK | |
| r-release-windows-x86_64 | 1.3.2 | 17.00 | 99.00 | 116.00 | OK | |
| r-oldrel-macos-arm64 | 1.3.2 | 6.00 | 41.00 | 47.00 | NOTE | |
| r-oldrel-macos-x86_64 | 1.3.2 | 17.00 | 80.00 | 97.00 | NOTE | |
| r-oldrel-windows-x86_64 | 1.3.2 | 22.00 | 101.00 | 123.00 | ERROR |
Version: 1.3.2
Check: installed package size
Result: NOTE
installed size is 5.7Mb
sub-directories of 1Mb or more:
doc 4.9Mb
Flavors: r-oldrel-macos-arm64, r-oldrel-macos-x86_64, r-oldrel-windows-x86_64
Version: 1.3.2
Check: re-building of vignette outputs
Result: ERROR
Error(s) in re-building vignettes:
--- re-building 'getting-started.Rmd' using rmarkdown
File ../man/figures/logo.png not found in resource path
Error: processing vignette 'getting-started.Rmd' failed with diagnostics:
pandoc document conversion failed with error 99
--- failed re-building 'getting-started.Rmd'
--- re-building 'introduction.Rmd' using rmarkdown
File ../man/figures/logo.png not found in resource path
Error: processing vignette 'introduction.Rmd' failed with diagnostics:
pandoc document conversion failed with error 99
--- failed re-building 'introduction.Rmd'
--- re-building 'usage-tutorial.Rmd' using rmarkdown
File ../man/figures/logo.png not found in resource path
Error: processing vignette 'usage-tutorial.Rmd' failed with diagnostics:
pandoc document conversion failed with error 99
--- failed re-building 'usage-tutorial.Rmd'
--- re-building 'visualization-guide.Rmd' using rmarkdown
--- finished re-building 'visualization-guide.Rmd'
SUMMARY: processing the following files failed:
'getting-started.Rmd' 'introduction.Rmd' 'usage-tutorial.Rmd'
Error: Vignette re-building failed.
Execution halted
Flavor: r-oldrel-windows-x86_64