Last updated on 2025-02-19 07:53:47 CET.
Flavor | Version | Tinstall | Tcheck | Ttotal | Status | Flags |
---|---|---|---|---|---|---|
r-devel-linux-x86_64-debian-clang | 0.3.0 | 3.02 | 40.52 | 43.54 | OK | |
r-devel-linux-x86_64-debian-gcc | 0.3.0 | 2.41 | 29.16 | 31.57 | OK | |
r-devel-linux-x86_64-fedora-clang | 0.3.0 | 73.49 | OK | |||
r-devel-linux-x86_64-fedora-gcc | 0.3.0 | 81.99 | OK | |||
r-devel-macos-arm64 | 0.3.0 | 29.00 | OK | |||
r-devel-macos-x86_64 | 0.3.0 | 52.00 | OK | |||
r-devel-windows-x86_64 | 0.3.0 | 4.00 | 66.00 | 70.00 | OK | |
r-patched-linux-x86_64 | 0.3.0 | 3.26 | 37.97 | 41.23 | NOTE | |
r-release-linux-x86_64 | 0.3.0 | 2.95 | 38.18 | 41.13 | NOTE | |
r-release-macos-arm64 | 0.3.0 | 27.00 | NOTE | |||
r-release-macos-x86_64 | 0.3.0 | 44.00 | NOTE | |||
r-release-windows-x86_64 | 0.3.0 | 4.00 | 59.00 | 63.00 | NOTE | |
r-oldrel-macos-arm64 | 0.3.0 | 29.00 | NOTE | |||
r-oldrel-macos-x86_64 | 0.3.0 | 47.00 | NOTE | |||
r-oldrel-windows-x86_64 | 0.3.0 | 5.00 | 72.00 | 77.00 | NOTE |
Version: 0.3.0
Check: LazyData
Result: NOTE
'LazyData' is specified without a 'data' directory
Flavors: r-patched-linux-x86_64, r-release-linux-x86_64, r-release-macos-arm64, r-release-macos-x86_64, r-release-windows-x86_64, r-oldrel-macos-arm64, r-oldrel-macos-x86_64, r-oldrel-windows-x86_64