Last updated on 2024-05-09 07:56:50 CEST.
Flavor | Version | Tinstall | Tcheck | Ttotal | Status | Flags |
---|---|---|---|---|---|---|
r-devel-linux-x86_64-debian-clang | 1.0.0 | 31.07 | 171.70 | 202.77 | NOTE | |
r-devel-linux-x86_64-debian-gcc | 1.0.0 | 27.08 | 128.27 | 155.35 | NOTE | |
r-devel-linux-x86_64-fedora-clang | 1.0.0 | 261.72 | NOTE | |||
r-devel-linux-x86_64-fedora-gcc | 1.0.0 | 379.58 | NOTE | |||
r-devel-windows-x86_64 | 1.0.0 | 19.00 | 122.00 | 141.00 | NOTE | |
r-patched-linux-x86_64 | 1.0.0 | 22.90 | 169.08 | 191.98 | NOTE | |
r-release-linux-x86_64 | 1.0.0 | 22.34 | 167.30 | 189.64 | NOTE | |
r-release-macos-arm64 | 1.0.0 | 63.00 | NOTE | |||
r-release-windows-x86_64 | 1.0.0 | 20.00 | 120.00 | 140.00 | NOTE | |
r-oldrel-macos-arm64 | 1.0.0 | 50.00 | NOTE | |||
r-oldrel-macos-x86_64 | 1.0.0 | 91.00 | NOTE | |||
r-oldrel-windows-x86_64 | 1.0.0 | 26.00 | 150.00 | 176.00 | NOTE |
Version: 1.0.0
Check: Rd files
Result: NOTE
checkRd: (-1) MHDI.Rd:23: Escaped LaTeX specials: \&
Flavors: r-devel-linux-x86_64-debian-clang, r-devel-linux-x86_64-debian-gcc, r-devel-linux-x86_64-fedora-clang, r-devel-linux-x86_64-fedora-gcc, r-devel-windows-x86_64, r-patched-linux-x86_64, r-release-linux-x86_64, r-release-macos-arm64, r-release-windows-x86_64, r-oldrel-macos-arm64, r-oldrel-macos-x86_64, r-oldrel-windows-x86_64