CRAN Package Check Results for Package linkspotter

Last updated on 2025-06-30 07:49:23 CEST.

Flavor Version Tinstall Tcheck Ttotal Status Flags
r-devel-linux-x86_64-debian-clang 1.3.0 9.61 89.87 99.48 OK
r-devel-linux-x86_64-debian-gcc 1.3.0 6.36 63.10 69.46 OK
r-devel-linux-x86_64-fedora-clang 1.3.0 156.75 OK
r-devel-linux-x86_64-fedora-gcc 1.3.0 158.46 OK
r-devel-windows-x86_64 1.3.0 10.00 101.00 111.00 OK
r-patched-linux-x86_64 OK
r-release-linux-x86_64 1.3.0 9.20 83.55 92.75 OK
r-release-macos-arm64 1.3.0 47.00 OK
r-release-macos-x86_64 1.3.0 85.00 OK
r-release-windows-x86_64 1.3.0 14.00 98.00 112.00 OK
r-oldrel-macos-arm64 1.3.0 49.00 NOTE
r-oldrel-macos-x86_64 1.3.0 124.00 NOTE
r-oldrel-windows-x86_64 1.3.0 14.00 123.00 137.00 NOTE

Check Details

Version: 1.3.0
Check: LazyData
Result: NOTE 'LazyData' is specified without a 'data' directory Flavors: r-oldrel-macos-arm64, r-oldrel-macos-x86_64, r-oldrel-windows-x86_64