Last updated on 2024-07-26 07:51:54 CEST.
Flavor | Version | Tinstall | Tcheck | Ttotal | Status | Flags |
---|---|---|---|---|---|---|
r-devel-linux-x86_64-debian-clang | 1.0.7 | 68.93 | 115.50 | 184.43 | OK | |
r-devel-linux-x86_64-debian-gcc | 1.0.7 | 52.52 | 83.60 | 136.12 | OK | |
r-devel-linux-x86_64-fedora-clang | 1.0.7 | 276.16 | OK | |||
r-devel-linux-x86_64-fedora-gcc | 1.0.7 | 248.00 | OK | |||
r-devel-windows-x86_64 | 1.0.7 | 62.00 | 119.00 | 181.00 | OK | |
r-patched-linux-x86_64 | 1.0.7 | OK | ||||
r-release-linux-x86_64 | 1.0.7 | 60.41 | 108.12 | 168.53 | OK | |
r-release-macos-arm64 | 1.0.7 | 66.00 | NOTE | |||
r-release-macos-x86_64 | 1.0.7 | 121.00 | NOTE | |||
r-release-windows-x86_64 | 1.0.7 | 71.00 | 117.00 | 188.00 | OK | |
r-oldrel-macos-arm64 | 1.0.7 | 72.00 | NOTE | |||
r-oldrel-macos-x86_64 | 1.0.7 | 154.00 | NOTE | |||
r-oldrel-windows-x86_64 | 1.0.7 | 56.00 | 147.00 | 203.00 | OK |
Version: 1.0.7
Check: installed package size
Result: NOTE
installed size is 5.1Mb
sub-directories of 1Mb or more:
libs 4.7Mb
Flavors: r-release-macos-arm64, r-release-macos-x86_64, r-oldrel-macos-arm64, r-oldrel-macos-x86_64