Last updated on 2024-05-11 07:51:34 CEST.
Flavor | Version | Tinstall | Tcheck | Ttotal | Status | Flags |
---|---|---|---|---|---|---|
r-devel-linux-x86_64-debian-clang | 0.1.2 | 5.67 | 93.79 | 99.46 | OK | |
r-devel-linux-x86_64-debian-gcc | 0.1.2 | 5.88 | 70.82 | 76.70 | OK | |
r-devel-linux-x86_64-fedora-clang | 0.1.2 | 123.72 | NOTE | |||
r-devel-linux-x86_64-fedora-gcc | 0.1.2 | 190.67 | OK | |||
r-devel-windows-x86_64 | 0.1.2 | 9.00 | 97.00 | 106.00 | OK | |
r-patched-linux-x86_64 | 0.1.2 | 10.95 | 95.41 | 106.36 | OK | |
r-release-linux-x86_64 | 0.1.2 | 5.46 | 94.81 | 100.27 | OK | |
r-release-macos-arm64 | 0.1.2 | 51.00 | OK | |||
r-release-windows-x86_64 | 0.1.2 | 9.00 | 97.00 | 106.00 | OK | |
r-oldrel-macos-arm64 | 0.1.2 | 57.00 | OK | |||
r-oldrel-macos-x86_64 | 0.1.2 | 78.00 | OK | |||
r-oldrel-windows-x86_64 | 0.1.2 | 10.00 | 104.00 | 114.00 | OK |
Version: 0.1.2
Check: Rd cross-references
Result: NOTE
Undeclared package ‘tidyselect’ in Rd xrefs
Flavor: r-devel-linux-x86_64-fedora-clang