Last updated on 2024-05-13 07:50:05 CEST.
Flavor | Version | Tinstall | Tcheck | Ttotal | Status | Flags |
---|---|---|---|---|---|---|
r-devel-linux-x86_64-debian-clang | 0.2.0 | 2.60 | 27.61 | 30.21 | NOTE | |
r-devel-linux-x86_64-debian-gcc | 0.2.0 | 2.06 | 20.81 | 22.87 | NOTE | |
r-devel-linux-x86_64-fedora-clang | 0.2.0 | 37.78 | NOTE | |||
r-devel-linux-x86_64-fedora-gcc | 0.2.0 | 40.63 | NOTE | |||
r-devel-windows-x86_64 | 0.2.0 | 4.00 | 46.00 | 50.00 | NOTE | |
r-patched-linux-x86_64 | 0.2.0 | 3.07 | 26.08 | 29.15 | NOTE | |
r-release-linux-x86_64 | 0.2.0 | 1.91 | 26.42 | 28.33 | NOTE | |
r-release-macos-arm64 | 0.2.0 | 18.00 | NOTE | |||
r-release-windows-x86_64 | 0.2.0 | 4.00 | 46.00 | 50.00 | NOTE | |
r-oldrel-macos-arm64 | 0.2.0 | 18.00 | NOTE | |||
r-oldrel-macos-x86_64 | 0.2.0 | 23.00 | NOTE | |||
r-oldrel-windows-x86_64 | 0.2.0 | 4.00 | 44.00 | 48.00 | NOTE |
Version: 0.2.0
Check: Rd files
Result: NOTE
checkRd: (-1) lx_list_lights.Rd:24: Lost braces in \itemize; meant \describe ?
checkRd: (-1) lx_list_lights.Rd:25: Lost braces in \itemize; meant \describe ?
checkRd: (-1) lx_list_lights.Rd:26: Lost braces in \itemize; meant \describe ?
checkRd: (-1) lx_list_lights.Rd:27: Lost braces in \itemize; meant \describe ?
Flavors: r-devel-linux-x86_64-debian-clang, r-devel-linux-x86_64-debian-gcc, r-devel-linux-x86_64-fedora-clang, r-devel-linux-x86_64-fedora-gcc, r-devel-windows-x86_64, r-patched-linux-x86_64, r-release-linux-x86_64, r-release-macos-arm64, r-release-windows-x86_64
Version: 0.2.0
Check: LazyData
Result: NOTE
'LazyData' is specified without a 'data' directory
Flavors: r-devel-linux-x86_64-debian-clang, r-devel-linux-x86_64-debian-gcc, r-devel-linux-x86_64-fedora-clang, r-devel-linux-x86_64-fedora-gcc, r-devel-windows-x86_64, r-patched-linux-x86_64, r-release-linux-x86_64, r-release-macos-arm64, r-release-windows-x86_64, r-oldrel-macos-arm64, r-oldrel-macos-x86_64, r-oldrel-windows-x86_64
Version: 0.2.0
Check: dependencies in R code
Result: NOTE
Namespaces in Imports field not imported from:
‘curl’ ‘jsonlite’
All declared Imports should be used.
Flavors: r-devel-linux-x86_64-fedora-clang, r-devel-linux-x86_64-fedora-gcc