Last updated on 2025-02-17 07:50:37 CET.
Flavor | Version | Tinstall | Tcheck | Ttotal | Status | Flags |
---|---|---|---|---|---|---|
r-devel-linux-x86_64-debian-clang | 4.1.2 | 121.32 | 426.57 | 547.89 | OK | |
r-devel-linux-x86_64-debian-gcc | 4.1.2 | 87.64 | 265.51 | 353.15 | OK | |
r-devel-linux-x86_64-fedora-clang | 4.1.2 | 1006.30 | OK | |||
r-devel-linux-x86_64-fedora-gcc | 4.1.2 | 941.98 | OK | |||
r-devel-macos-arm64 | 4.1.2 | 263.00 | OK | |||
r-devel-macos-x86_64 | 4.1.2 | 564.00 | OK | |||
r-devel-windows-x86_64 | 4.1.2 | 122.00 | 388.00 | 510.00 | OK | |
r-patched-linux-x86_64 | 4.1.2 | 124.79 | 387.11 | 511.90 | OK | |
r-release-linux-x86_64 | 4.1.2 | 120.43 | 396.52 | 516.95 | OK | |
r-release-macos-arm64 | 4.1.2 | 237.00 | NOTE | |||
r-release-macos-x86_64 | 4.1.2 | 605.00 | NOTE | |||
r-release-windows-x86_64 | 4.1.2 | 126.00 | 386.00 | 512.00 | NOTE | |
r-oldrel-macos-arm64 | 4.1.2 | 251.00 | NOTE | |||
r-oldrel-macos-x86_64 | 4.1.2 | 534.00 | NOTE | |||
r-oldrel-windows-x86_64 | 4.1.2 | 154.00 | 488.00 | 642.00 | NOTE |
Version: 4.1.2
Check: installed package size
Result: NOTE
installed size is 12.8Mb
sub-directories of 1Mb or more:
R 2.0Mb
doc 1.0Mb
extdata 1.2Mb
libs 8.0Mb
Flavors: r-release-macos-arm64, r-release-macos-x86_64, r-release-windows-x86_64, r-oldrel-macos-arm64, r-oldrel-macos-x86_64, r-oldrel-windows-x86_64