Last updated on 2025-01-15 07:53:00 CET.
Flavor | Version | Tinstall | Tcheck | Ttotal | Status | Flags |
---|---|---|---|---|---|---|
r-devel-linux-x86_64-debian-clang | 3.11.1-2 | 665.56 | 20.13 | 685.69 | OK | |
r-devel-linux-x86_64-debian-gcc | 3.11.1-2 | 444.22 | 16.90 | 461.12 | OK | |
r-devel-linux-x86_64-fedora-clang | 3.11.1-2 | 1779.81 | OK | |||
r-devel-linux-x86_64-fedora-gcc | 3.11.1-2 | 1442.14 | OK | |||
r-devel-windows-x86_64 | 3.11.1-2 | 684.00 | 80.00 | 764.00 | OK | |
r-patched-linux-x86_64 | 3.11.1-2 | 614.56 | 19.41 | 633.97 | OK | |
r-release-linux-x86_64 | 3.11.1-2 | 611.30 | 19.29 | 630.59 | OK | |
r-release-macos-arm64 | 3.11.1-2 | 225.00 | NOTE | |||
r-release-macos-x86_64 | 3.11.1-2 | 172.00 | NOTE | |||
r-release-windows-x86_64 | 3.11.1-2 | 675.00 | 93.00 | 768.00 | OK | |
r-oldrel-macos-arm64 | 3.11.1-2 | 254.00 | NOTE | |||
r-oldrel-macos-x86_64 | 3.11.1-2 | 175.00 | NOTE | |||
r-oldrel-windows-x86_64 | 3.11.1-2 | 635.00 | 111.00 | 746.00 | OK |
Version: 3.11.1-2
Check: installed package size
Result: NOTE
installed size is 43.5Mb
sub-directories of 1Mb or more:
libs 43.3Mb
Flavors: r-release-macos-arm64, r-release-macos-x86_64, r-oldrel-macos-arm64, r-oldrel-macos-x86_64