Last updated on 2025-05-09 07:50:59 CEST.
Flavor | Version | Tinstall | Tcheck | Ttotal | Status | Flags |
---|---|---|---|---|---|---|
r-devel-linux-x86_64-debian-clang | 2.0-7 | 2.10 | 26.10 | 28.20 | NOTE | |
r-devel-linux-x86_64-debian-gcc | 2.0-7 | 1.57 | 21.41 | 22.98 | NOTE | |
r-devel-linux-x86_64-fedora-clang | 2.0-7 | 45.24 | OK | |||
r-devel-linux-x86_64-fedora-gcc | 2.0-7 | 56.44 | OK | |||
r-devel-windows-x86_64 | 2.0-7 | 3.00 | 57.00 | 60.00 | OK | |
r-patched-linux-x86_64 | 2.0-7 | 2.04 | 25.45 | 27.49 | OK | |
r-release-linux-x86_64 | 2.0-7 | 1.81 | 25.28 | 27.09 | OK | |
r-release-macos-arm64 | 2.0-7 | 24.00 | OK | |||
r-release-macos-x86_64 | 2.0-7 | 47.00 | OK | |||
r-release-windows-x86_64 | 2.0-7 | 3.00 | 65.00 | 68.00 | OK | |
r-oldrel-macos-arm64 | 2.0-7 | 23.00 | OK | |||
r-oldrel-macos-x86_64 | 2.0-7 | 36.00 | OK | |||
r-oldrel-windows-x86_64 | 2.0-7 | 2.00 | 55.00 | 57.00 | OK |
Version: 2.0-7
Check: CRAN incoming feasibility
Result: NOTE
Maintainer: ‘David Leonard <davidsleonard@outlook.com>’
Package CITATION file contains call(s) to old-style personList() or
as.personList(). Please use c() on person objects instead.
Package CITATION file contains call(s) to old-style citEntry(). Please
use bibentry() instead.
Flavors: r-devel-linux-x86_64-debian-clang, r-devel-linux-x86_64-debian-gcc