Last updated on 2025-02-17 07:50:36 CET.
Flavor | Version | Tinstall | Tcheck | Ttotal | Status | Flags |
---|---|---|---|---|---|---|
r-devel-linux-x86_64-debian-clang | 0.1.1 | 18.28 | 52.73 | 71.01 | NOTE | |
r-devel-linux-x86_64-debian-gcc | 0.1.1 | 12.83 | 40.89 | 53.72 | NOTE | |
r-devel-linux-x86_64-fedora-clang | 0.1.1 | 121.10 | NOTE | |||
r-devel-linux-x86_64-fedora-gcc | 0.1.1 | 130.33 | NOTE | |||
r-devel-macos-arm64 | 0.1.1 | 42.00 | OK | |||
r-devel-macos-x86_64 | 0.1.1 | 106.00 | NOTE | |||
r-devel-windows-x86_64 | 0.1.1 | 22.00 | 90.00 | 112.00 | NOTE | |
r-patched-linux-x86_64 | 0.1.1 | 17.63 | 50.35 | 67.98 | OK | |
r-release-linux-x86_64 | 0.1.1 | 17.03 | 50.26 | 67.29 | OK | |
r-release-macos-arm64 | 0.1.1 | 50.00 | OK | |||
r-release-macos-x86_64 | 0.1.1 | 72.00 | OK | |||
r-release-windows-x86_64 | 0.1.1 | 23.00 | 90.00 | 113.00 | OK | |
r-oldrel-macos-arm64 | 0.1.1 | 51.00 | OK | |||
r-oldrel-macos-x86_64 | 0.1.1 | 75.00 | OK | |||
r-oldrel-windows-x86_64 | 0.1.1 | 26.00 | 105.00 | 131.00 | OK |
Version: 0.1.1
Check: DESCRIPTION meta-information
Result: NOTE
Missing dependency on R >= 4.1.0 because package code uses the pipe
|> or function shorthand \(...) syntax added in R 4.1.0.
File(s) using such syntax:
‘areaCalculator.R’
Flavors: r-devel-linux-x86_64-debian-clang, r-devel-linux-x86_64-debian-gcc, r-devel-linux-x86_64-fedora-clang, r-devel-linux-x86_64-fedora-gcc, r-devel-macos-x86_64, r-devel-windows-x86_64