Last updated on 2025-02-19 07:53:47 CET.
Flavor | Version | Tinstall | Tcheck | Ttotal | Status | Flags |
---|---|---|---|---|---|---|
r-devel-linux-x86_64-debian-clang | 2.0.0 | 1.93 | 25.49 | 27.42 | OK | |
r-devel-linux-x86_64-debian-gcc | 2.0.0 | 1.67 | 20.49 | 22.16 | OK | |
r-devel-linux-x86_64-fedora-clang | 2.0.0 | 44.53 | OK | |||
r-devel-linux-x86_64-fedora-gcc | 2.0.0 | 41.07 | OK | |||
r-devel-macos-arm64 | 2.0.0 | 19.00 | OK | |||
r-devel-macos-x86_64 | 2.0.0 | 32.00 | OK | |||
r-devel-windows-x86_64 | 2.0.0 | 3.00 | 57.00 | 60.00 | OK | |
r-patched-linux-x86_64 | 2.0.0 | 1.80 | 24.42 | 26.22 | OK | |
r-release-linux-x86_64 | 2.0.0 | 1.80 | 24.26 | 26.06 | OK | |
r-release-macos-arm64 | 2.0.0 | 21.00 | NOTE | |||
r-release-macos-x86_64 | 2.0.0 | 46.00 | OK | |||
r-release-windows-x86_64 | 2.0.0 | 3.00 | 53.00 | 56.00 | OK | |
r-oldrel-macos-arm64 | 2.0.0 | 23.00 | OK | |||
r-oldrel-macos-x86_64 | 2.0.0 | 45.00 | OK | |||
r-oldrel-windows-x86_64 | 2.0.0 | 4.00 | 55.00 | 59.00 | OK |
Version: 2.0.0
Check: package dependencies
Result: NOTE
Package suggested but not available for checking: ‘V8’
Flavor: r-release-macos-arm64