Last updated on 2025-10-22 07:50:21 CEST.
Flavor | Version | Tinstall | Tcheck | Ttotal | Status | Flags |
---|---|---|---|---|---|---|
r-devel-linux-x86_64-debian-clang | 0.2.5 | 32.75 | 256.74 | 289.49 | NOTE | |
r-devel-linux-x86_64-debian-gcc | 0.2.5 | 21.24 | 166.77 | 188.01 | NOTE | |
r-devel-linux-x86_64-fedora-clang | 0.2.5 | 85.00 | 392.07 | 477.07 | OK | |
r-devel-linux-x86_64-fedora-gcc | 0.2.5 | 65.00 | 376.85 | 441.85 | OK | |
r-devel-windows-x86_64 | 0.2.5 | 31.00 | 203.00 | 234.00 | OK | |
r-patched-linux-x86_64 | 0.2.5 | 31.79 | 244.53 | 276.32 | OK | |
r-release-linux-x86_64 | 0.2.5 | 30.76 | 246.14 | 276.90 | OK | |
r-release-macos-arm64 | 0.2.5 | 13.00 | 91.00 | 104.00 | OK | |
r-release-macos-x86_64 | 0.2.5 | 31.00 | 178.00 | 209.00 | OK | |
r-release-windows-x86_64 | 0.2.5 | 29.00 | 206.00 | 235.00 | OK | |
r-oldrel-macos-arm64 | 0.2.5 | 14.00 | 96.00 | 110.00 | OK | |
r-oldrel-macos-x86_64 | 0.2.5 | 27.00 | 193.00 | 220.00 | OK | |
r-oldrel-windows-x86_64 | 0.2.5 | 41.00 | 280.00 | 321.00 | OK |
Version: 0.2.5
Check: HTML version of manual
Result: NOTE
Found the following HTML validation problems:
addTileFolder.html:89:1 (addTileFolder.Rd:38): Warning: missing </ul> before </div>
colorOptions.html:64:1 (colorOptions.Rd:22): Warning: missing </ul> before </div>
imagequeryOptions.html:76:1 (imagequeryOptions.Rd:30): Warning: missing </ul> before </div>
paintRules.html:90:1 (paintRules.Rd:38): Warning: missing </ul> before </div>
Flavors: r-devel-linux-x86_64-debian-clang, r-devel-linux-x86_64-debian-gcc