Last updated on 2024-07-26 07:51:54 CEST.
Flavor | Version | Tinstall | Tcheck | Ttotal | Status | Flags |
---|---|---|---|---|---|---|
r-devel-linux-x86_64-debian-clang | 0.3.5 | 36.60 | 318.02 | 354.62 | NOTE | |
r-devel-linux-x86_64-debian-gcc | 0.3.5 | 24.56 | 225.85 | 250.41 | NOTE | |
r-devel-linux-x86_64-fedora-clang | 0.3.5 | 431.83 | NOTE | |||
r-devel-linux-x86_64-fedora-gcc | 0.3.5 | 399.27 | NOTE | |||
r-devel-windows-x86_64 | 0.3.5 | 25.00 | 191.00 | 216.00 | NOTE | |
r-patched-linux-x86_64 | 0.3.5 | NOTE | ||||
r-release-linux-x86_64 | 0.3.5 | 35.14 | 306.46 | 341.60 | NOTE | |
r-release-macos-arm64 | 0.3.5 | 88.00 | NOTE | |||
r-release-macos-x86_64 | 0.3.5 | 156.00 | NOTE | |||
r-release-windows-x86_64 | 0.3.5 | 24.00 | 197.00 | 221.00 | NOTE | |
r-oldrel-macos-arm64 | 0.3.5 | 109.00 | NOTE | |||
r-oldrel-macos-x86_64 | 0.3.5 | 193.00 | NOTE | |||
r-oldrel-windows-x86_64 | 0.3.5 | 34.00 | 258.00 | 292.00 | NOTE |
Version: 0.3.5
Check: package subdirectories
Result: NOTE
Problems with news in ‘NEWS.md’:
Cannot extract version info from the following section titles:
light.interception.voxels() - This function create the Fraction absorbed incident light
light.interception.raster() - Create a raster of Fraction absorbed incident light
light.incident.voxels() - This function create the Fraction incident light
light.incident.raster() - Create a raster of the Fraction incident light
Flavors: r-devel-linux-x86_64-debian-clang, r-devel-linux-x86_64-debian-gcc, r-devel-linux-x86_64-fedora-clang, r-devel-linux-x86_64-fedora-gcc, r-devel-windows-x86_64, r-patched-linux-x86_64, r-release-linux-x86_64, r-release-macos-arm64, r-release-macos-x86_64, r-release-windows-x86_64, r-oldrel-macos-arm64, r-oldrel-macos-x86_64, r-oldrel-windows-x86_64