Last updated on 2025-10-31 07:51:49 CET.
| Flavor | Version | Tinstall | Tcheck | Ttotal | Status | Flags | 
|---|---|---|---|---|---|---|
| r-devel-linux-x86_64-debian-clang | 0.1.0 | 9.29 | 77.97 | 87.26 | NOTE | |
| r-devel-linux-x86_64-debian-gcc | 0.1.0 | 7.03 | 58.35 | 65.38 | NOTE | |
| r-devel-linux-x86_64-fedora-clang | 0.1.0 | 40.00 | 103.50 | 143.50 | OK | |
| r-devel-linux-x86_64-fedora-gcc | 0.1.0 | 18.00 | 124.04 | 142.04 | OK | |
| r-devel-windows-x86_64 | 0.1.0 | 11.00 | 85.00 | 96.00 | OK | |
| r-patched-linux-x86_64 | 0.1.0 | 9.54 | 74.58 | 84.12 | OK | |
| r-release-linux-x86_64 | 0.1.0 | 8.41 | 74.43 | 82.84 | OK | |
| r-release-macos-arm64 | 0.1.0 | 4.00 | 47.00 | 51.00 | OK | |
| r-release-macos-x86_64 | 0.1.0 | 9.00 | 98.00 | 107.00 | OK | |
| r-release-windows-x86_64 | 0.1.0 | 11.00 | 87.00 | 98.00 | OK | |
| r-oldrel-macos-arm64 | 0.1.0 | 4.00 | 41.00 | 45.00 | OK | |
| r-oldrel-macos-x86_64 | 0.1.0 | 6.00 | 75.00 | 81.00 | OK | |
| r-oldrel-windows-x86_64 | 0.1.0 | 14.00 | 109.00 | 123.00 | OK | 
Version: 0.1.0
Check: CRAN incoming feasibility
Result: NOTE
  Maintainer: ‘Weimin Zhang <zhangwm@hotmail.com>’
  
  Found the following URLs which should use \doi (with the DOI name only):
    File ‘JLchemix.Rd’:
      https://doi.org/10.1111/biom.12972
    File ‘sampledata.Rd’:
      https://doi.org/10.1111/biom.12972
Flavors: r-devel-linux-x86_64-debian-clang, r-devel-linux-x86_64-debian-gcc