Last updated on 2025-02-17 07:50:36 CET.
Flavor | Version | Tinstall | Tcheck | Ttotal | Status | Flags |
---|---|---|---|---|---|---|
r-devel-linux-x86_64-debian-clang | 0.1.3 | 1.64 | 19.34 | 20.98 | OK | |
r-devel-linux-x86_64-debian-gcc | 0.1.3 | 1.12 | 15.64 | 16.76 | OK | |
r-devel-linux-x86_64-fedora-clang | 0.1.3 | 34.58 | OK | |||
r-devel-linux-x86_64-fedora-gcc | 0.1.3 | 31.69 | OK | |||
r-devel-macos-arm64 | 0.1.3 | 16.00 | OK | |||
r-devel-macos-x86_64 | 0.1.3 | 28.00 | OK | |||
r-devel-windows-x86_64 | 0.1.3 | 4.00 | 42.00 | 46.00 | OK | |
r-patched-linux-x86_64 | 0.1.3 | 1.41 | 18.40 | 19.81 | NOTE | |
r-release-linux-x86_64 | 0.1.3 | 1.43 | 18.29 | 19.72 | NOTE | |
r-release-macos-arm64 | 0.1.3 | 15.00 | NOTE | |||
r-release-macos-x86_64 | 0.1.3 | 24.00 | NOTE | |||
r-release-windows-x86_64 | 0.1.3 | 3.00 | 43.00 | 46.00 | NOTE | |
r-oldrel-macos-arm64 | 0.1.3 | 17.00 | NOTE | |||
r-oldrel-macos-x86_64 | 0.1.3 | 21.00 | NOTE | |||
r-oldrel-windows-x86_64 | 0.1.3 | 3.00 | 62.00 | 65.00 | NOTE |
Version: 0.1.3
Check: LazyData
Result: NOTE
'LazyData' is specified without a 'data' directory
Flavors: r-patched-linux-x86_64, r-release-linux-x86_64, r-release-macos-arm64, r-release-macos-x86_64, r-release-windows-x86_64, r-oldrel-macos-arm64, r-oldrel-macos-x86_64, r-oldrel-windows-x86_64