Last updated on 2025-02-11 07:48:26 CET.
Flavor | Version | Tinstall | Tcheck | Ttotal | Status | Flags |
---|---|---|---|---|---|---|
r-devel-linux-x86_64-debian-clang | 2.11.0 | 17.36 | 124.28 | 141.64 | NOTE | |
r-devel-linux-x86_64-debian-gcc | 2.11.0 | 11.22 | 84.17 | 95.39 | NOTE | |
r-devel-linux-x86_64-fedora-clang | 2.11.0 | 225.46 | OK | |||
r-devel-linux-x86_64-fedora-gcc | 2.11.0 | 209.59 | OK | |||
r-devel-windows-x86_64 | 2.11.0 | 26.00 | 153.00 | 179.00 | NOTE | |
r-patched-linux-x86_64 | 2.11.0 | 24.20 | 115.13 | 139.33 | NOTE | |
r-release-linux-x86_64 | 2.11.0 | 14.64 | 115.01 | 129.65 | NOTE | |
r-release-macos-arm64 | 2.11.0 | 76.00 | NOTE | |||
r-release-macos-x86_64 | 2.11.0 | 116.00 | NOTE | |||
r-release-windows-x86_64 | 2.11.0 | 29.00 | 0.00 | 29.00 | FAIL | |
r-oldrel-macos-arm64 | 2.11.0 | 89.00 | NOTE | |||
r-oldrel-macos-x86_64 | 2.11.0 | 211.00 | NOTE | |||
r-oldrel-windows-x86_64 | 2.11.0 | 29.00 | 172.00 | 201.00 | NOTE |
Version: 2.11.0
Check: Rd cross-references
Result: NOTE
Found the following Rd file(s) with Rd \link{} targets missing package
anchors:
Intercept-ergmTerm-49126971.Rd: edges-ergmTerm, ergm, ergmTerm
bilinear-ergmTerm-3e739bd7.Rd: ergm, ergmTerm
ergmm.Rd: ergmTerm, ergm-package, network
ergmm.prior.Rd: ergmTerm
euclidean-ergmTerm-6ab46c25.Rd: ergm, ergmTerm
euclidean2-ergmTerm-939e9c32.Rd: ergm, ergmTerm
latentcov-ergmTerm-fba43306.Rd: ergm, ergmTerm
latentnet-package.Rd: ergmTerm
loopcov-ergmTerm-bbc2e00a.Rd: ergm, ergmTerm
loopfactor-ergmTerm-19d02eff.Rd: ergm, ergmTerm
loops-ergmTerm-968722e8.Rd: ergm, ergmTerm
receivercov-ergmTerm-ea158ece.Rd: nodeicov-ergmTerm,
nodeifactor-ergmTerm, nodecov-ergmTerm, nodefactor-ergmTerm, ergm,
ergmTerm
rreceiver-ergmTerm-abdcadad.Rd: ergm, ergmTerm
rsender-ergmTerm-b342610b.Rd: ergm, ergmTerm
rsociality-ergmTerm-7ae668b9.Rd: ergm, ergmTerm
sendercov-ergmTerm-a7b5c66c.Rd: nodeocov-ergmTerm,
nodeofactor-ergmTerm, nodecov-ergmTerm, nodefactor-ergmTerm, ergm,
ergmTerm
socialitycov-ergmTerm-339101cf.Rd: nodecov-ergmTerm,
nodefactor-ergmTerm, ergm, ergmTerm
Please provide package anchors for all Rd \link{} targets not in the
package itself and the base packages.
Flavors: r-devel-linux-x86_64-debian-clang, r-devel-linux-x86_64-debian-gcc, r-devel-windows-x86_64
Version: 2.11.0
Check: for GNU extensions in Makefiles
Result: NOTE
GNU make is a SystemRequirements.
Flavors: r-patched-linux-x86_64, r-release-linux-x86_64, r-release-macos-arm64, r-release-macos-x86_64, r-release-windows-x86_64, r-oldrel-macos-arm64, r-oldrel-macos-x86_64, r-oldrel-windows-x86_64
Version: 2.11.0
Check: PDF version of manual
Result: FAIL
Check process probably crashed or hung up for 20 minutes ... killed
Most likely this happened in the example checks (?),
if not, ignore the following last lines of example output:
>
> flush(stderr()); flush(stdout())
>
> ### Name: tribes
> ### Title: Read Highland Tribes
> ### Aliases: tribes
> ### Keywords: cluster graphs multivariate
>
> ### ** Examples
>
>
>
>
>
>
> ### * <FOOTER>
> ###
> cleanEx()
> options(digits = 7L)
> base::cat("Time elapsed: ", proc.time() - base::get("ptime", pos = 'CheckExEnv'),"\n")
Time elapsed: 3.35 0.2 3.55 NA NA
> grDevices::dev.off()
null device
1
> ###
> ### Local variables: ***
> ### mode: outline-minor ***
> ### outline-regexp: "\\(> \\)?### [*]+" ***
> ### End: ***
> quit('no')
======== End of example output (where/before crash/hang up occured ?) ========
Flavor: r-release-windows-x86_64