Last updated on 2025-01-22 07:50:27 CET.
Flavor | Version | Tinstall | Tcheck | Ttotal | Status | Flags |
---|---|---|---|---|---|---|
r-devel-linux-x86_64-debian-clang | 2.2.4 | 11.66 | 23.33 | 34.99 | OK | |
r-devel-linux-x86_64-debian-gcc | 2.2.4 | 7.64 | 18.26 | 25.90 | OK | |
r-devel-linux-x86_64-fedora-clang | 2.2.4 | 61.69 | OK | |||
r-devel-linux-x86_64-fedora-gcc | 2.2.4 | 57.63 | OK | |||
r-devel-windows-x86_64 | 2.2.4 | 15.00 | 61.00 | 76.00 | OK | |
r-patched-linux-x86_64 | 2.2.4 | 10.02 | 22.36 | 32.38 | NOTE | |
r-release-linux-x86_64 | 2.2.4 | 10.55 | 22.41 | 32.96 | NOTE | |
r-release-macos-arm64 | 2.2.4 | 37.00 | NOTE | |||
r-release-macos-x86_64 | 2.2.4 | 77.00 | NOTE | |||
r-release-windows-x86_64 | 2.2.4 | 17.00 | 60.00 | 77.00 | NOTE | |
r-oldrel-macos-arm64 | 2.2.4 | 40.00 | NOTE | |||
r-oldrel-macos-x86_64 | 2.2.4 | 87.00 | NOTE | |||
r-oldrel-windows-x86_64 | 2.2.4 | 18.00 | 72.00 | 90.00 | NOTE |
Version: 2.2.4
Check: for GNU extensions in Makefiles
Result: NOTE
GNU make is a SystemRequirements.
Flavors: r-patched-linux-x86_64, r-release-linux-x86_64, r-release-macos-arm64, r-release-macos-x86_64, r-release-windows-x86_64, r-oldrel-macos-arm64, r-oldrel-macos-x86_64, r-oldrel-windows-x86_64