Last updated on 2025-05-09 07:50:58 CEST.
Flavor | Version | Tinstall | Tcheck | Ttotal | Status | Flags |
---|---|---|---|---|---|---|
r-devel-linux-x86_64-debian-clang | 1.0 | 1.93 | 27.65 | 29.58 | NOTE | |
r-devel-linux-x86_64-debian-gcc | 1.0 | 1.43 | 21.14 | 22.57 | NOTE | |
r-devel-linux-x86_64-fedora-clang | 1.0 | 45.05 | OK | |||
r-devel-linux-x86_64-fedora-gcc | 1.0 | 43.74 | OK | |||
r-devel-windows-x86_64 | 1.0 | 3.00 | 54.00 | 57.00 | OK | |
r-patched-linux-x86_64 | 1.0 | 2.01 | 26.89 | 28.90 | OK | |
r-release-linux-x86_64 | 1.0 | 1.60 | 26.21 | 27.81 | OK | |
r-release-macos-arm64 | 1.0 | 21.00 | OK | |||
r-release-macos-x86_64 | 1.0 | 35.00 | OK | |||
r-release-windows-x86_64 | 1.0 | 3.00 | 58.00 | 61.00 | OK | |
r-oldrel-macos-arm64 | 1.0 | 20.00 | OK | |||
r-oldrel-macos-x86_64 | 1.0 | 29.00 | OK | |||
r-oldrel-windows-x86_64 | 1.0 | 3.00 | 55.00 | 58.00 | OK |
Version: 1.0
Check: CRAN incoming feasibility
Result: NOTE
Maintainer: ‘Westa Domanova <w.domanova@gmail.com>’
No Authors@R field in DESCRIPTION.
Please add one, modifying
Authors@R: person(given = "Westa",
family = "Domanova",
role = c("aut", "cre"),
email = "w.domanova@gmail.com")
as necessary.
Flavors: r-devel-linux-x86_64-debian-clang, r-devel-linux-x86_64-debian-gcc