Last updated on 2025-10-24 07:49:52 CEST.
| Flavor | Version | Tinstall | Tcheck | Ttotal | Status | Flags |
|---|---|---|---|---|---|---|
| r-devel-linux-x86_64-debian-clang | 1.1.2 | 10.81 | 121.51 | 132.32 | NOTE | |
| r-devel-linux-x86_64-debian-gcc | 1.1.2 | 7.34 | 83.92 | 91.26 | OK | |
| r-devel-linux-x86_64-fedora-clang | 1.1.2 | 83.00 | 134.16 | 217.16 | OK | |
| r-devel-linux-x86_64-fedora-gcc | 1.1.2 | 25.00 | 163.72 | 188.72 | OK | |
| r-devel-windows-x86_64 | 1.1.2 | 13.00 | 132.00 | 145.00 | OK | |
| r-patched-linux-x86_64 | 1.1.2 | 11.32 | 115.07 | 126.39 | OK | |
| r-release-linux-x86_64 | 1.1.2 | 12.05 | 113.28 | 125.33 | OK | |
| r-release-macos-arm64 | 1.1.2 | 5.00 | 49.00 | 54.00 | OK | |
| r-release-macos-x86_64 | 1.1.2 | 12.00 | 104.00 | 116.00 | OK | |
| r-release-windows-x86_64 | 1.1.2 | 15.00 | 123.00 | 138.00 | OK | |
| r-oldrel-macos-arm64 | 1.1.2 | 6.00 | 56.00 | 62.00 | OK | |
| r-oldrel-macos-x86_64 | 1.1.2 | 11.00 | 104.00 | 115.00 | OK | |
| r-oldrel-windows-x86_64 | 1.1.2 | 18.00 | 163.00 | 181.00 | OK |
Version: 1.1.2
Check: HTML version of manual
Result: NOTE
Found the following HTML validation problems:
find.valid.periods.html:58:1 (find.valid.periods.Rd:16): Warning: missing </ul> before </div>
Flavor: r-devel-linux-x86_64-debian-clang